Last updated on 2025-05-11 09:50:06 CEST.
Flavor | Version | Tinstall | Tcheck | Ttotal | Status | Flags |
---|---|---|---|---|---|---|
r-devel-linux-x86_64-debian-clang | 1.2.1 | 5.61 | 50.31 | 55.92 | OK | |
r-devel-linux-x86_64-debian-gcc | 1.2.1 | 3.80 | 36.40 | 40.20 | OK | |
r-devel-linux-x86_64-fedora-clang | 1.2.1 | 78.51 | OK | |||
r-devel-linux-x86_64-fedora-gcc | 1.2.1 | 82.33 | OK | |||
r-devel-windows-x86_64 | 1.2.1 | 9.00 | 74.00 | 83.00 | OK | |
r-patched-linux-x86_64 | 1.2.1 | 6.42 | 47.27 | 53.69 | OK | |
r-release-linux-x86_64 | 1.2.1 | 5.84 | 45.38 | 51.22 | ERROR | |
r-release-macos-arm64 | 1.2.1 | 56.00 | OK | |||
r-release-macos-x86_64 | 1.2.1 | 56.00 | OK | |||
r-release-windows-x86_64 | 1.2.1 | 8.00 | 75.00 | 83.00 | OK | |
r-oldrel-macos-arm64 | 1.2.1 | 49.00 | OK | |||
r-oldrel-macos-x86_64 | 1.2.1 | 74.00 | OK | |||
r-oldrel-windows-x86_64 | 1.2.1 | 10.00 | 86.00 | 96.00 | OK |
Version: 1.2.1
Check: examples
Result: ERROR
Running examples in ‘DATAstudio-Ex.R’ failed
The error most likely occurred in:
> base::assign(".ptime", proc.time(), pos = "CheckExEnv")
> ### Name: dataset
> ### Title: Load Dataset
> ### Aliases: dataset
>
> ### ** Examples
>
> ## Download data
> dataset("thefts")
trying URL 'http://www.maths.ed.ac.uk/~mdecarv/data/thefts.RData'
Warning in download.file(url, temp_file) :
URL 'http://www.maths.ed.ac.uk/~mdecarv/data/thefts.RData': Timeout of 60 seconds was reached
Error in download.file(url, temp_file) :
cannot open URL 'http://www.maths.ed.ac.uk/~mdecarv/data/thefts.RData'
Calls: dataset -> download.file
Execution halted
Flavor: r-release-linux-x86_64