Last updated on 2025-04-15 09:52:19 CEST.
Flavor | Version | Tinstall | Tcheck | Ttotal | Status | Flags |
---|---|---|---|---|---|---|
r-devel-linux-x86_64-debian-clang | 3.5.1 | 191.39 | 109.18 | 300.57 | OK | |
r-devel-linux-x86_64-debian-gcc | 3.5.1 | 159.68 | 79.70 | 239.38 | OK | |
r-devel-linux-x86_64-fedora-clang | 3.5.1 | 558.66 | OK | |||
r-devel-linux-x86_64-fedora-gcc | 3.5.1 | 614.37 | OK | |||
r-devel-windows-x86_64 | 3.5.1 | 247.00 | 158.00 | 405.00 | OK | |
r-patched-linux-x86_64 | 3.5.0 | 215.39 | 105.95 | 321.34 | OK | |
r-release-linux-x86_64 | 3.5.1 | 233.43 | 107.67 | 341.10 | OK | |
r-release-macos-arm64 | 3.5.1 | 105.00 | OK | |||
r-release-macos-x86_64 | 3.5.1 | 218.00 | OK | |||
r-release-windows-x86_64 | 3.5.1 | 235.00 | 179.00 | 414.00 | OK | |
r-oldrel-macos-arm64 | 3.5.1 | 134.00 | NOTE | |||
r-oldrel-macos-x86_64 | 3.5.1 | 206.00 | NOTE | |||
r-oldrel-windows-x86_64 | 3.5.1 | 303.00 | 205.00 | 508.00 | OK |
Version: 3.5.1
Check: installed package size
Result: NOTE
installed size is 28.9Mb
sub-directories of 1Mb or more:
libs 28.1Mb
Flavors: r-oldrel-macos-arm64, r-oldrel-macos-x86_64