Last updated on 2025-02-19 09:50:45 CET.
Flavor | Version | Tinstall | Tcheck | Ttotal | Status | Flags |
---|---|---|---|---|---|---|
r-devel-linux-x86_64-debian-clang | 1.1.0 | 6.29 | 78.07 | 84.36 | NOTE | |
r-devel-linux-x86_64-debian-gcc | 1.1.0 | 3.89 | 56.62 | 60.51 | NOTE | |
r-devel-linux-x86_64-fedora-clang | 1.1.0 | 127.85 | OK | |||
r-devel-linux-x86_64-fedora-gcc | 1.1.0 | 136.15 | OK | |||
r-devel-macos-arm64 | 1.1.0 | 43.00 | OK | |||
r-devel-macos-x86_64 | 1.1.0 | 104.00 | OK | |||
r-devel-windows-x86_64 | 1.1.0 | 9.00 | 92.00 | 101.00 | NOTE | |
r-patched-linux-x86_64 | 1.1.0 | 10.22 | 72.38 | 82.60 | OK | |
r-release-linux-x86_64 | 1.1.0 | 5.87 | 73.01 | 78.88 | OK | |
r-release-macos-arm64 | 1.1.0 | 42.00 | OK | |||
r-release-macos-x86_64 | 1.1.0 | 72.00 | OK | |||
r-release-windows-x86_64 | 1.1.0 | 8.00 | 92.00 | 100.00 | OK | |
r-oldrel-macos-arm64 | 1.1.0 | 51.00 | OK | |||
r-oldrel-macos-x86_64 | 1.1.0 | 79.00 | OK | |||
r-oldrel-windows-x86_64 | 1.1.0 | 9.00 | 105.00 | 114.00 | OK |
Version: 1.1.0
Check: Rd cross-references
Result: NOTE
Found the following Rd file(s) with Rd \link{} targets missing package
anchors:
ggbplot.Rd: bplot
tally.Rd: bplot, calibrate
Please provide package anchors for all Rd \link{} targets not in the
package itself and the base packages.
Flavors: r-devel-linux-x86_64-debian-clang, r-devel-linux-x86_64-debian-gcc, r-devel-windows-x86_64