Last updated on 2025-02-16 09:50:36 CET.
Flavor | Version | Tinstall | Tcheck | Ttotal | Status | Flags |
---|---|---|---|---|---|---|
r-devel-linux-x86_64-debian-clang | 1.1 | 1.71 | 16.64 | 18.35 | OK | |
r-devel-linux-x86_64-debian-gcc | 1.1 | 1.32 | 14.22 | 15.54 | OK | |
r-devel-linux-x86_64-fedora-clang | 1.1 | 29.64 | OK | |||
r-devel-linux-x86_64-fedora-gcc | 1.1 | 26.96 | OK | |||
r-devel-macos-arm64 | 1.1 | 14.00 | OK | |||
r-devel-macos-x86_64 | 1.1 | 23.00 | OK | |||
r-devel-windows-x86_64 | 1.1 | 3.00 | 39.00 | 42.00 | OK | |
r-patched-linux-x86_64 | 1.1 | 1.61 | 15.96 | 17.57 | OK | |
r-release-linux-x86_64 | 1.1 | 1.63 | 15.86 | 17.49 | OK | |
r-release-macos-arm64 | 1.1 | 20.00 | NOTE | |||
r-release-macos-x86_64 | 1.1 | 26.00 | OK | |||
r-release-windows-x86_64 | 1.1 | 3.00 | 40.00 | 43.00 | OK | |
r-oldrel-macos-arm64 | 1.1 | 14.00 | NOTE | |||
r-oldrel-macos-x86_64 | 1.1 | 19.00 | NOTE | |||
r-oldrel-windows-x86_64 | 1.1 | 2.00 | 70.00 | 72.00 | OK |
Version: 1.1
Check: package dependencies
Result: NOTE
Package suggested but not available for checking: ‘ProData’
Flavors: r-release-macos-arm64, r-oldrel-macos-arm64, r-oldrel-macos-x86_64