Last updated on 2025-02-16 09:50:36 CET.
Flavor | Version | Tinstall | Tcheck | Ttotal | Status | Flags |
---|---|---|---|---|---|---|
r-devel-linux-x86_64-debian-clang | 1.3.3 | 2.96 | 65.90 | 68.86 | OK | |
r-devel-linux-x86_64-debian-gcc | 1.3.3 | 2.53 | 46.09 | 48.62 | OK | |
r-devel-linux-x86_64-fedora-clang | 1.3.3 | 121.83 | OK | |||
r-devel-linux-x86_64-fedora-gcc | 1.3.3 | 122.72 | OK | |||
r-devel-macos-arm64 | 1.3.3 | 30.00 | OK | |||
r-devel-macos-x86_64 | 1.3.3 | 69.00 | OK | |||
r-devel-windows-x86_64 | 1.3.3 | 4.00 | 81.00 | 85.00 | OK | |
r-patched-linux-x86_64 | 1.3.3 | 3.06 | 61.46 | 64.52 | OK | |
r-release-linux-x86_64 | 1.3.3 | 2.97 | 62.88 | 65.85 | OK | |
r-release-macos-arm64 | 1.3.3 | 41.00 | OK | |||
r-release-macos-x86_64 | 1.3.3 | 59.00 | OK | |||
r-release-windows-x86_64 | 1.3.3 | 4.00 | 81.00 | 85.00 | OK | |
r-oldrel-macos-arm64 | 1.3.3 | 33.00 | NOTE | |||
r-oldrel-macos-x86_64 | 1.3.3 | 57.00 | NOTE | |||
r-oldrel-windows-x86_64 | 1.3.3 | 6.00 | 96.00 | 102.00 | OK |
Version: 1.3.3
Check: package dependencies
Result: NOTE
Package suggested but not available for checking: ‘xcms’
Flavors: r-oldrel-macos-arm64, r-oldrel-macos-x86_64