Last updated on 2025-02-16 09:50:36 CET.
Flavor | Version | Tinstall | Tcheck | Ttotal | Status | Flags |
---|---|---|---|---|---|---|
r-devel-linux-x86_64-debian-clang | 0.1.5 | 10.70 | 285.67 | 296.37 | NOTE | |
r-devel-linux-x86_64-debian-gcc | 0.1.5 | 7.16 | 229.72 | 236.88 | NOTE | |
r-devel-linux-x86_64-fedora-clang | 0.1.5 | 434.23 | NOTE | |||
r-devel-linux-x86_64-fedora-gcc | 0.1.5 | 457.59 | NOTE | |||
r-devel-macos-arm64 | 0.1.5 | 198.00 | NOTE | |||
r-devel-macos-x86_64 | 0.1.5 | 470.00 | NOTE | |||
r-devel-windows-x86_64 | 0.1.5 | 11.00 | 388.00 | 399.00 | NOTE | |
r-patched-linux-x86_64 | 0.1.5 | 10.02 | 298.15 | 308.17 | NOTE | |
r-release-linux-x86_64 | 0.1.5 | 10.10 | 275.50 | 285.60 | NOTE | |
r-release-macos-arm64 | 0.1.5 | 171.00 | NOTE | |||
r-release-macos-x86_64 | 0.1.5 | 272.00 | NOTE | |||
r-release-windows-x86_64 | 0.1.5 | 11.00 | 0.00 | 11.00 | FAIL | |
r-oldrel-macos-arm64 | 0.1.5 | 189.00 | NOTE | |||
r-oldrel-macos-x86_64 | 0.1.5 | 427.00 | NOTE | |||
r-oldrel-windows-x86_64 | 0.1.5 | 14.00 | 342.00 | 356.00 | NOTE |
Version: 0.1.5
Check: Rd files
Result: NOTE
checkRd: (-1) KCI.Rd:44: Lost braces
44 | \item \code{testStatistic} the statistic Tr(K_{(ddot{(Y)}|X)} * K_{(E|X)})
| ^
checkRd: (-1) KCI.Rd:44: Lost braces
44 | \item \code{testStatistic} the statistic Tr(K_{(ddot{(Y)}|X)} * K_{(E|X)})
| ^
checkRd: (-1) KCI.Rd:44: Lost braces; missing escapes or markup?
44 | \item \code{testStatistic} the statistic Tr(K_{(ddot{(Y)}|X)} * K_{(E|X)})
| ^
Flavors: r-devel-linux-x86_64-debian-clang, r-devel-linux-x86_64-debian-gcc, r-devel-linux-x86_64-fedora-clang, r-devel-linux-x86_64-fedora-gcc, r-devel-macos-arm64, r-devel-macos-x86_64, r-devel-windows-x86_64, r-patched-linux-x86_64, r-release-linux-x86_64, r-release-macos-arm64, r-release-macos-x86_64, r-release-windows-x86_64
Version: 0.1.5
Check: LazyData
Result: NOTE
'LazyData' is specified without a 'data' directory
Flavors: r-patched-linux-x86_64, r-release-linux-x86_64, r-release-macos-arm64, r-release-macos-x86_64, r-release-windows-x86_64, r-oldrel-macos-arm64, r-oldrel-macos-x86_64, r-oldrel-windows-x86_64
Version: 0.1.5
Check: PDF version of manual
Result: FAIL
Check process probably crashed or hung up for 20 minutes ... killed
Most likely this happened in the example checks (?),
if not, ignore the following last lines of example output:
kernelMatrix(rbfdot(s), x0, w)
<bytecode: 0x000002465564acd8>
<environment: 0x0000024656459d50>
>
> # not run:
> # # Example 3
> # E <- rnorm(n)
> # X <- 4 + 2 * E + rnorm(n)
> # Y <- 3 * (X)^2 + rnorm(n)
> # ResidualPredictionTest(Y, E, X)
> # ResidualPredictionTest(Y, X, E)
>
>
>
> ### * <FOOTER>
> ###
> cleanEx()
> options(digits = 7L)
> base::cat("Time elapsed: ", proc.time() - base::get("ptime", pos = 'CheckExEnv'),"\n")
Time elapsed: 10.93 1.2 12.16 NA NA
> grDevices::dev.off()
null device
1
> ###
> ### Local variables: ***
> ### mode: outline-minor ***
> ### outline-regexp: "\\(> \\)?### [*]+" ***
> ### End: ***
> quit('no')
======== End of example output (where/before crash/hang up occured ?) ========
Flavor: r-release-windows-x86_64