Last updated on 2025-02-16 09:50:36 CET.
Flavor | Version | Tinstall | Tcheck | Ttotal | Status | Flags |
---|---|---|---|---|---|---|
r-devel-linux-x86_64-debian-clang | 1.1.4.2 | 203.43 | 164.96 | 368.39 | OK | |
r-devel-linux-x86_64-debian-gcc | 1.2 | 192.29 | 207.35 | 399.64 | OK | |
r-devel-linux-x86_64-fedora-clang | 1.2 | 765.61 | OK | |||
r-devel-linux-x86_64-fedora-gcc | 1.1.4.2 | 702.30 | OK | |||
r-devel-macos-arm64 | 1.1.4.2 | 253.00 | OK | |||
r-devel-macos-x86_64 | 1.2 | 393.00 | OK | |||
r-devel-windows-x86_64 | 1.2 | 193.00 | 637.00 | 830.00 | OK | |
r-patched-linux-x86_64 | 1.2 | 251.42 | 242.01 | 493.43 | OK | |
r-release-linux-x86_64 | 1.2 | 254.10 | 248.23 | 502.33 | OK | |
r-release-macos-arm64 | 1.1.4.2 | 191.00 | NOTE | |||
r-release-macos-x86_64 | 1.2 | 477.00 | NOTE | |||
r-release-windows-x86_64 | 1.2 | 177.00 | 650.00 | 827.00 | NOTE | |
r-oldrel-macos-arm64 | 1.1.4.2 | 216.00 | NOTE | |||
r-oldrel-macos-x86_64 | 1.2 | 429.00 | NOTE | |||
r-oldrel-windows-x86_64 | 1.2 | 155.00 | 693.00 | 848.00 | NOTE |
Version: 1.1.4.2
Check: installed package size
Result: NOTE
installed size is 66.7Mb
sub-directories of 1Mb or more:
libs 65.5Mb
Flavors: r-release-macos-arm64, r-oldrel-macos-arm64
Version: 1.2
Check: installed package size
Result: NOTE
installed size is 81.9Mb
sub-directories of 1Mb or more:
doc 1.8Mb
libs 79.5Mb
Flavors: r-release-macos-x86_64, r-release-windows-x86_64, r-oldrel-macos-x86_64, r-oldrel-windows-x86_64