Last updated on 2025-02-16 09:50:36 CET.
Flavor | Version | Tinstall | Tcheck | Ttotal | Status | Flags |
---|---|---|---|---|---|---|
r-devel-linux-x86_64-debian-clang | 0.4.0 | 6.73 | 742.30 | 749.03 | NOTE | |
r-devel-linux-x86_64-debian-gcc | 0.4.0 | 5.10 | 513.13 | 518.23 | NOTE | |
r-devel-linux-x86_64-fedora-clang | 0.4.0 | 1277.56 | NOTE | |||
r-devel-linux-x86_64-fedora-gcc | 0.4.0 | 1115.01 | NOTE | |||
r-devel-macos-arm64 | 0.4.0 | 268.00 | OK | |||
r-devel-macos-x86_64 | 0.4.0 | 488.00 | NOTE | |||
r-devel-windows-x86_64 | 0.4.0 | 8.00 | 460.00 | 468.00 | NOTE | |
r-patched-linux-x86_64 | 0.4.0 | 6.98 | 710.61 | 717.59 | OK | |
r-release-linux-x86_64 | 0.4.0 | 6.11 | 706.13 | 712.24 | OK | |
r-release-macos-arm64 | 0.4.0 | 219.00 | NOTE | |||
r-release-macos-x86_64 | 0.4.0 | 324.00 | NOTE | |||
r-release-windows-x86_64 | 0.4.0 | 8.00 | 442.00 | 450.00 | NOTE | |
r-oldrel-macos-arm64 | 0.4.0 | 227.00 | NOTE | |||
r-oldrel-macos-x86_64 | 0.4.0 | 377.00 | NOTE | |||
r-oldrel-windows-x86_64 | 0.4.0 | 10.00 | 599.00 | 609.00 | NOTE |
Version: 0.4.0
Check: DESCRIPTION meta-information
Result: NOTE
Missing dependency on R >= 4.1.0 because package code uses the pipe
|> or function shorthand \(...) syntax added in R 4.1.0.
File(s) using such syntax:
‘benchmarkCohortCharacteristics.R’ ‘checks.R’ ‘plot.R’
‘plotCohortAttrition.R’ ‘plotCohortTiming.R’
‘plotComparedLargeScaleCharacteristics.R’
‘plotLargeScaleCharacteristics.R’ ‘summariseCharacteristics.R’
‘summariseCohortAttrition.R’ ‘summariseCohortCount.R’
‘summariseCohortOverlap.R’ ‘summariseCohortTiming.R’
‘summariseLargeScaleCharacteristics.R’ ‘table.R’
‘tableCharacteristics.R’ ‘tableCohortAttrition.R’
‘tableCohortCount.R’ ‘tableCohortOverlap.R’ ‘tableCohortTiming.R’
‘tableLargeScaleCharacteristics.R’ ‘utilities.R’
Flavors: r-devel-linux-x86_64-debian-clang, r-devel-linux-x86_64-debian-gcc, r-devel-linux-x86_64-fedora-clang, r-devel-linux-x86_64-fedora-gcc, r-devel-macos-x86_64, r-devel-windows-x86_64
Version: 0.4.0
Check: installed package size
Result: NOTE
installed size is 5.6Mb
sub-directories of 1Mb or more:
doc 3.5Mb
help 1.9Mb
Flavors: r-release-macos-arm64, r-release-macos-x86_64, r-release-windows-x86_64, r-oldrel-macos-arm64, r-oldrel-macos-x86_64, r-oldrel-windows-x86_64