Last updated on 2025-02-16 09:50:36 CET.
Flavor | Version | Tinstall | Tcheck | Ttotal | Status | Flags |
---|---|---|---|---|---|---|
r-devel-linux-x86_64-debian-clang | 1.3.3 | 56.17 | 158.80 | 214.97 | OK | |
r-devel-linux-x86_64-debian-gcc | 1.3.3 | 46.41 | 92.57 | 138.98 | OK | |
r-devel-linux-x86_64-fedora-clang | 1.3.3 | 371.65 | OK | |||
r-devel-linux-x86_64-fedora-gcc | 1.3.3 | 375.97 | OK | |||
r-devel-macos-arm64 | 1.3.3 | 107.00 | OK | |||
r-devel-macos-x86_64 | 1.3.3 | 211.00 | OK | |||
r-devel-windows-x86_64 | 1.3.3 | 62.00 | 167.00 | 229.00 | OK | |
r-patched-linux-x86_64 | 1.3.3 | 63.79 | 133.56 | 197.35 | OK | |
r-release-linux-x86_64 | 1.3.3 | 65.81 | 140.75 | 206.56 | OK | |
r-release-macos-arm64 | 1.3.3 | 107.00 | NOTE | |||
r-release-macos-x86_64 | 1.3.3 | 325.00 | NOTE | |||
r-release-windows-x86_64 | 1.3.3 | 61.00 | 182.00 | 243.00 | OK | |
r-oldrel-macos-arm64 | 1.3.3 | 150.00 | NOTE | |||
r-oldrel-macos-x86_64 | 1.3.3 | 324.00 | NOTE | |||
r-oldrel-windows-x86_64 | 1.3.3 | 75.00 | 230.00 | 305.00 | OK |
Version: 1.3.3
Check: installed package size
Result: NOTE
installed size is 9.3Mb
sub-directories of 1Mb or more:
libs 8.0Mb
Flavors: r-release-macos-arm64, r-release-macos-x86_64, r-oldrel-macos-arm64, r-oldrel-macos-x86_64