Last updated on 2025-02-16 09:50:36 CET.
Flavor | Version | Tinstall | Tcheck | Ttotal | Status | Flags |
---|---|---|---|---|---|---|
r-devel-linux-x86_64-debian-clang | 1.1 | 3.02 | 39.15 | 42.17 | NOTE | |
r-devel-linux-x86_64-debian-gcc | 1.1 | 2.33 | 27.31 | 29.64 | NOTE | |
r-devel-linux-x86_64-fedora-clang | 1.1 | 69.25 | OK | |||
r-devel-linux-x86_64-fedora-gcc | 1.1 | 63.82 | OK | |||
r-devel-macos-arm64 | 1.1 | 23.00 | OK | |||
r-devel-macos-x86_64 | 1.1 | 40.00 | OK | |||
r-devel-windows-x86_64 | 1.1 | 5.00 | 59.00 | 64.00 | NOTE | |
r-patched-linux-x86_64 | 1.1 | 4.77 | 35.75 | 40.52 | OK | |
r-release-linux-x86_64 | 1.1 | 3.11 | 35.28 | 38.39 | OK | |
r-release-macos-arm64 | 1.1 | 21.00 | OK | |||
r-release-macos-x86_64 | 1.1 | 33.00 | OK | |||
r-release-windows-x86_64 | 1.1 | 4.00 | 60.00 | 64.00 | OK | |
r-oldrel-macos-arm64 | 1.1 | 23.00 | OK | |||
r-oldrel-macos-x86_64 | 1.1 | 35.00 | OK | |||
r-oldrel-windows-x86_64 | 1.1 | 4.00 | 82.00 | 86.00 | OK |
Version: 1.1
Check: Rd cross-references
Result: NOTE
Found the following Rd file(s) with Rd \link{} targets missing package
anchors:
kmeansvar.Rd: splitmix
Please provide package anchors for all Rd \link{} targets not in the
package itself and the base packages.
Flavors: r-devel-linux-x86_64-debian-clang, r-devel-linux-x86_64-debian-gcc, r-devel-windows-x86_64