Last updated on 2025-02-16 09:50:35 CET.
Flavor | Version | Tinstall | Tcheck | Ttotal | Status | Flags |
---|---|---|---|---|---|---|
r-devel-linux-x86_64-debian-clang | 1.1.6 | 4.99 | 27.35 | 32.34 | OK | |
r-devel-linux-x86_64-debian-gcc | 1.1.6 | 4.09 | 20.74 | 24.83 | OK | |
r-devel-linux-x86_64-fedora-clang | 1.1.6 | 53.73 | NOTE | |||
r-devel-linux-x86_64-fedora-gcc | 1.1.6 | 50.90 | NOTE | |||
r-devel-macos-arm64 | 1.1.6 | 21.00 | OK | |||
r-devel-macos-x86_64 | 1.1.6 | 30.00 | OK | |||
r-devel-windows-x86_64 | 1.1.6 | 8.00 | 57.00 | 65.00 | OK | |
r-patched-linux-x86_64 | 1.1.6 | 4.54 | 25.97 | 30.51 | OK | |
r-release-linux-x86_64 | 1.1.6 | 5.19 | 25.78 | 30.97 | OK | |
r-release-macos-arm64 | 1.1.6 | 23.00 | OK | |||
r-release-macos-x86_64 | 1.1.6 | 27.00 | OK | |||
r-release-windows-x86_64 | 1.1.6 | 9.00 | 56.00 | 65.00 | OK | |
r-oldrel-macos-arm64 | 1.1.6 | 32.00 | OK | |||
r-oldrel-macos-x86_64 | 1.1.6 | 50.00 | OK | |||
r-oldrel-windows-x86_64 | 1.1.6 | 12.00 | 53.00 | 65.00 | OK |
Version: 1.1.6
Check: compiled code
Result: NOTE
File ‘ClickClust/libs/ClickClust.so’:
Found no calls to: ‘R_registerRoutines’, ‘R_useDynamicSymbols’
It is good practice to register native routines and to disable symbol
search.
See ‘Writing portable packages’ in the ‘Writing R Extensions’ manual.
Flavors: r-devel-linux-x86_64-fedora-clang, r-devel-linux-x86_64-fedora-gcc