Last updated on 2025-02-16 09:50:35 CET.
Flavor | Version | Tinstall | Tcheck | Ttotal | Status | Flags |
---|---|---|---|---|---|---|
r-devel-linux-x86_64-debian-clang | 6.1.10 | 12.09 | 128.59 | 140.68 | NOTE | |
r-devel-linux-x86_64-debian-gcc | 6.1.10 | 7.48 | 92.40 | 99.88 | NOTE | |
r-devel-linux-x86_64-fedora-clang | 6.1.10 | 229.40 | OK | |||
r-devel-linux-x86_64-fedora-gcc | 6.1.10 | 225.54 | OK | |||
r-devel-macos-arm64 | 6.1.10 | 70.00 | OK | |||
r-devel-macos-x86_64 | 6.1.10 | 135.00 | OK | |||
r-devel-windows-x86_64 | 6.1.10 | 11.00 | 236.00 | 247.00 | NOTE | |
r-patched-linux-x86_64 | 6.1.10 | 16.22 | 120.24 | 136.46 | OK | |
r-release-linux-x86_64 | 6.1.10 | 9.87 | 120.29 | 130.16 | OK | |
r-release-macos-arm64 | 6.1.10 | 63.00 | OK | |||
r-release-macos-x86_64 | 6.1.10 | 118.00 | OK | |||
r-release-windows-x86_64 | 6.1.10 | 11.00 | 239.00 | 250.00 | OK | |
r-oldrel-macos-arm64 | 6.1.10 | 71.00 | OK | |||
r-oldrel-macos-x86_64 | 6.1.10 | 214.00 | OK | |||
r-oldrel-windows-x86_64 | 6.1.10 | 16.00 | 226.00 | 242.00 | OK |
Version: 6.1.10
Check: Rd cross-references
Result: NOTE
Found the following Rd file(s) with Rd \link{} targets missing package
anchors:
aovPCAloadings.Rd: GraphicsOptions
plot2Loadings.Rd: GraphicsOptions
plotLoadings.Rd: GraphicsOptions
plotSpectra.Rd: GraphicsOptions
reviewAllSpectra.Rd: GraphicsOptions
sPlotSpectra.Rd: GraphicsOptions
surveySpectra.Rd: GraphicsOptions
Please provide package anchors for all Rd \link{} targets not in the
package itself and the base packages.
Flavors: r-devel-linux-x86_64-debian-clang, r-devel-linux-x86_64-debian-gcc, r-devel-windows-x86_64