Last updated on 2025-02-19 09:50:44 CET.
Flavor | Version | Tinstall | Tcheck | Ttotal | Status | Flags |
---|---|---|---|---|---|---|
r-devel-linux-x86_64-debian-clang | 1.3 | 11.50 | 109.38 | 120.88 | NOTE | |
r-devel-linux-x86_64-debian-gcc | 1.3 | 8.47 | 78.30 | 86.77 | NOTE | |
r-devel-linux-x86_64-fedora-clang | 1.3 | 194.96 | OK | |||
r-devel-linux-x86_64-fedora-gcc | 1.3 | 178.83 | OK | |||
r-devel-macos-arm64 | 1.3 | 56.00 | OK | |||
r-devel-macos-x86_64 | 1.3 | 120.00 | OK | |||
r-devel-windows-x86_64 | 1.3 | 13.00 | 113.00 | 126.00 | NOTE | |
r-patched-linux-x86_64 | 1.3 | 11.12 | 98.70 | 109.82 | OK | |
r-release-linux-x86_64 | 1.3 | 11.12 | 98.83 | 109.95 | OK | |
r-release-macos-arm64 | 1.3 | 53.00 | OK | |||
r-release-macos-x86_64 | 1.3 | 78.00 | OK | |||
r-release-windows-x86_64 | 1.3 | 13.00 | 111.00 | 124.00 | OK | |
r-oldrel-macos-arm64 | 1.3 | 58.00 | OK | |||
r-oldrel-macos-x86_64 | 1.3 | 91.00 | OK | |||
r-oldrel-windows-x86_64 | 1.3 | 17.00 | 138.00 | 155.00 | OK |
Version: 1.3
Check: Rd cross-references
Result: NOTE
Found the following Rd file(s) with Rd \link{} targets missing package
anchors:
catpredi.Rd: mgcv
catpredi.survival.Rd: Surv
Please provide package anchors for all Rd \link{} targets not in the
package itself and the base packages.
Flavors: r-devel-linux-x86_64-debian-clang, r-devel-linux-x86_64-debian-gcc, r-devel-windows-x86_64