Last updated on 2025-02-16 09:50:35 CET.
Flavor | Version | Tinstall | Tcheck | Ttotal | Status | Flags |
---|---|---|---|---|---|---|
r-devel-linux-x86_64-debian-clang | 0.2.1 | 7.62 | 43.38 | 51.00 | OK | |
r-devel-linux-x86_64-debian-gcc | 0.2.1 | 4.85 | 33.31 | 38.16 | OK | |
r-devel-linux-x86_64-fedora-clang | 0.2.1 | 83.84 | OK | |||
r-devel-linux-x86_64-fedora-gcc | 0.2.1 | 76.27 | OK | |||
r-devel-macos-arm64 | 0.2.1 | 30.00 | OK | |||
r-devel-macos-x86_64 | 0.2.1 | 51.00 | OK | |||
r-devel-windows-x86_64 | 0.2.1 | 10.00 | 66.00 | 76.00 | OK | |
r-patched-linux-x86_64 | 0.2.1 | 7.66 | 41.68 | 49.34 | OK | |
r-release-linux-x86_64 | 0.2.1 | 7.11 | 41.48 | 48.59 | OK | |
r-release-macos-arm64 | 0.2.1 | 28.00 | NOTE | |||
r-release-macos-x86_64 | 0.2.1 | 68.00 | NOTE | |||
r-release-windows-x86_64 | 0.2.1 | 13.00 | 66.00 | 79.00 | NOTE | |
r-oldrel-macos-arm64 | 0.2.1 | 37.00 | NOTE | |||
r-oldrel-macos-x86_64 | 0.2.1 | 65.00 | NOTE | |||
r-oldrel-windows-x86_64 | 0.2.1 | 14.00 | 70.00 | 84.00 | NOTE |
Version: 0.2.1
Check: installed package size
Result: NOTE
installed size is 6.2Mb
sub-directories of 1Mb or more:
entry_level 1.7Mb
virtual_patient_simulator 3.1Mb
Flavors: r-release-macos-arm64, r-release-macos-x86_64, r-release-windows-x86_64, r-oldrel-macos-arm64, r-oldrel-macos-x86_64, r-oldrel-windows-x86_64