CRAN Package Check Results for Package CTAShiny

Last updated on 2025-02-16 09:50:36 CET.

Flavor Version Tinstall Tcheck Ttotal Status Flags
r-devel-linux-x86_64-debian-clang 0.1.0 1.61 15.85 17.46 OK
r-devel-linux-x86_64-debian-gcc 0.1.0 1.30 13.65 14.95 OK
r-devel-linux-x86_64-fedora-clang 0.1.0 30.51 NOTE
r-devel-linux-x86_64-fedora-gcc 0.1.0 27.04 NOTE
r-devel-macos-arm64 0.1.0 15.00 OK
r-devel-macos-x86_64 0.1.0 22.00 OK
r-devel-windows-x86_64 0.1.0 3.00 41.00 44.00 OK
r-patched-linux-x86_64 0.1.0 1.51 15.22 16.73 NOTE
r-release-linux-x86_64 0.1.0 1.61 15.54 17.15 NOTE
r-release-macos-arm64 0.1.0 14.00 NOTE
r-release-macos-x86_64 0.1.0 20.00 NOTE
r-release-windows-x86_64 0.1.0 3.00 46.00 49.00 NOTE
r-oldrel-macos-arm64 0.1.0 17.00 NOTE
r-oldrel-macos-x86_64 0.1.0 17.00 NOTE
r-oldrel-windows-x86_64 0.1.0 4.00 37.00 41.00 NOTE

Check Details

Version: 0.1.0
Check: dependencies in R code
Result: NOTE Namespaces in Imports field not imported from: ‘epitools’ ‘rpivotTable’ ‘shinyMatrix’ All declared Imports should be used. Flavors: r-devel-linux-x86_64-fedora-clang, r-devel-linux-x86_64-fedora-gcc

Version: 0.1.0
Check: LazyData
Result: NOTE 'LazyData' is specified without a 'data' directory Flavors: r-patched-linux-x86_64, r-release-linux-x86_64, r-release-macos-arm64, r-release-macos-x86_64, r-release-windows-x86_64, r-oldrel-macos-arm64, r-oldrel-macos-x86_64, r-oldrel-windows-x86_64