CRAN Package Check Results for Package CPGLIB

Last updated on 2025-04-16 09:52:56 CEST.

Flavor Version Tinstall Tcheck Ttotal Status Flags
r-devel-linux-x86_64-debian-clang 1.1.2 89.44 30.84 120.28 OK
r-devel-linux-x86_64-debian-gcc 1.1.2 62.73 24.88 87.61 OK
r-devel-linux-x86_64-fedora-clang 1.1.2 239.90 OK
r-devel-linux-x86_64-fedora-gcc 1.1.2 226.77 OK
r-devel-windows-x86_64 1.1.2 108.00 75.00 183.00 OK
r-patched-linux-x86_64 1.1.2 89.48 31.03 120.51 OK
r-release-linux-x86_64 1.1.2 89.18 30.72 119.90 OK
r-release-macos-arm64 1.1.2 57.00 OK
r-release-macos-x86_64 1.1.2 71.00 OK
r-release-windows-x86_64 1.1.2 109.00 77.00 186.00 OK
r-oldrel-macos-arm64 1.1.2 66.00 NOTE
r-oldrel-macos-x86_64 1.1.2 79.00 NOTE
r-oldrel-windows-x86_64 1.1.2 127.00 83.00 210.00 OK

Check Details

Version: 1.1.2
Check: installed package size
Result: NOTE installed size is 5.3Mb sub-directories of 1Mb or more: libs 5.1Mb Flavors: r-oldrel-macos-arm64, r-oldrel-macos-x86_64