Last updated on 2025-02-16 09:50:36 CET.
Flavor | Version | Tinstall | Tcheck | Ttotal | Status | Flags |
---|---|---|---|---|---|---|
r-devel-linux-x86_64-debian-clang | 0.1.0 | 23.94 | 81.13 | 105.07 | OK | |
r-devel-linux-x86_64-debian-gcc | 0.1.0 | 16.62 | 45.75 | 62.37 | OK | |
r-devel-linux-x86_64-fedora-clang | 0.1.0 | 181.16 | NOTE | |||
r-devel-linux-x86_64-fedora-gcc | 0.1.0 | 157.63 | NOTE | |||
r-devel-macos-arm64 | 0.1.0 | 53.00 | OK | |||
r-devel-macos-x86_64 | 0.1.0 | 156.00 | OK | |||
r-devel-windows-x86_64 | 0.1.0 | 28.00 | 122.00 | 150.00 | OK | |
r-patched-linux-x86_64 | 0.1.0 | 22.26 | 64.39 | 86.65 | OK | |
r-release-linux-x86_64 | 0.1.0 | 24.18 | 67.00 | 91.18 | OK | |
r-release-macos-arm64 | 0.1.0 | 49.00 | OK | |||
r-release-macos-x86_64 | 0.1.0 | 82.00 | OK | |||
r-release-windows-x86_64 | 0.1.0 | 28.00 | 123.00 | 151.00 | OK | |
r-oldrel-macos-arm64 | 0.1.0 | 60.00 | OK | |||
r-oldrel-macos-x86_64 | 0.1.0 | 90.00 | OK | |||
r-oldrel-windows-x86_64 | 0.1.0 | 36.00 | 147.00 | 183.00 | OK |
Version: 0.1.0
Check: dependencies in R code
Result: NOTE
Namespaces in Imports field not imported from:
‘Rdpack’ ‘grDevices’
All declared Imports should be used.
Flavors: r-devel-linux-x86_64-fedora-clang, r-devel-linux-x86_64-fedora-gcc