Last updated on 2025-02-16 09:50:36 CET.
Flavor | Version | Tinstall | Tcheck | Ttotal | Status | Flags |
---|---|---|---|---|---|---|
r-devel-linux-x86_64-debian-clang | 0.1.0 | 4.29 | 39.70 | 43.99 | NOTE | |
r-devel-linux-x86_64-debian-gcc | 0.1.0 | 3.09 | 30.19 | 33.28 | NOTE | |
r-devel-linux-x86_64-fedora-clang | 0.1.0 | 71.88 | NOTE | |||
r-devel-linux-x86_64-fedora-gcc | 0.1.0 | 79.82 | NOTE | |||
r-devel-macos-arm64 | 0.1.0 | 32.00 | OK | |||
r-devel-macos-x86_64 | 0.1.0 | 56.00 | NOTE | |||
r-devel-windows-x86_64 | 0.1.0 | 6.00 | 63.00 | 69.00 | NOTE | |
r-patched-linux-x86_64 | 0.1.0 | 4.18 | 36.73 | 40.91 | OK | |
r-release-linux-x86_64 | 0.1.0 | 4.18 | 37.27 | 41.45 | OK | |
r-release-macos-arm64 | 0.1.0 | 30.00 | OK | |||
r-release-macos-x86_64 | 0.1.0 | 44.00 | OK | |||
r-release-windows-x86_64 | 0.1.0 | 6.00 | 60.00 | 66.00 | OK | |
r-oldrel-macos-arm64 | 0.1.0 | 31.00 | OK | |||
r-oldrel-macos-x86_64 | 0.1.0 | 70.00 | OK | |||
r-oldrel-windows-x86_64 | 0.1.0 | 8.00 | 68.00 | 76.00 | OK |
Version: 0.1.0
Check: DESCRIPTION meta-information
Result: NOTE
Missing dependency on R >= 4.1.0 because package code uses the pipe
|> or function shorthand \(...) syntax added in R 4.1.0.
File(s) using such syntax:
‘bias_df_combined.R’ ‘create_table_ep_15.R’
‘precision_calculate_aov_info.R’
Flavors: r-devel-linux-x86_64-debian-clang, r-devel-linux-x86_64-debian-gcc, r-devel-linux-x86_64-fedora-clang, r-devel-linux-x86_64-fedora-gcc, r-devel-macos-x86_64, r-devel-windows-x86_64