CRAN Package Check Results for Package BootstrapQTL

Last updated on 2025-04-16 09:52:54 CEST.

Flavor Version Tinstall Tcheck Ttotal Status Flags
r-devel-linux-x86_64-debian-clang 1.0.5 3.00 33.56 36.56 OK
r-devel-linux-x86_64-debian-gcc 1.0.5 2.06 26.16 28.22 OK
r-devel-linux-x86_64-fedora-clang 1.0.5 57.25 OK
r-devel-linux-x86_64-fedora-gcc 1.0.5 54.69 OK
r-devel-windows-x86_64 1.0.5 4.00 52.00 56.00 OK
r-patched-linux-x86_64 1.0.5 2.13 32.25 34.38 OK
r-release-linux-x86_64 1.0.5 2.02 32.30 34.32 OK
r-release-macos-arm64 1.0.5 24.00 OK
r-release-macos-x86_64 1.0.5 34.00 OK
r-release-windows-x86_64 1.0.5 3.00 51.00 54.00 OK
r-oldrel-macos-arm64 1.0.5 21.00 OK
r-oldrel-macos-x86_64 1.0.5 32.00 OK
r-oldrel-windows-x86_64 1.0.5 4.00 59.00 63.00 NOTE

Check Details

Version: 1.0.5
Check: package dependencies
Result: NOTE Package suggested but not available for checking: 'doMC' Flavor: r-oldrel-windows-x86_64