Last updated on 2025-02-16 09:50:35 CET.
Flavor | Version | Tinstall | Tcheck | Ttotal | Status | Flags |
---|---|---|---|---|---|---|
r-devel-linux-x86_64-debian-clang | 1.0.5 | 2.81 | 34.04 | 36.85 | OK | |
r-devel-linux-x86_64-debian-gcc | 1.0.5 | 2.18 | 25.82 | 28.00 | OK | |
r-devel-linux-x86_64-fedora-clang | 1.0.5 | 60.70 | OK | |||
r-devel-linux-x86_64-fedora-gcc | 1.0.5 | 54.32 | OK | |||
r-devel-macos-arm64 | 1.0.5 | 22.00 | OK | |||
r-devel-macos-x86_64 | 1.0.5 | 34.00 | OK | |||
r-devel-windows-x86_64 | 1.0.5 | 4.00 | 54.00 | 58.00 | OK | |
r-patched-linux-x86_64 | 1.0.5 | 2.38 | 31.03 | 33.41 | OK | |
r-release-linux-x86_64 | 1.0.5 | 2.36 | 30.92 | 33.28 | OK | |
r-release-macos-arm64 | 1.0.5 | 21.00 | OK | |||
r-release-macos-x86_64 | 1.0.5 | 32.00 | OK | |||
r-release-windows-x86_64 | 1.0.5 | 4.00 | 61.00 | 65.00 | NOTE | |
r-oldrel-macos-arm64 | 1.0.5 | 22.00 | OK | |||
r-oldrel-macos-x86_64 | 1.0.5 | 32.00 | OK | |||
r-oldrel-windows-x86_64 | 1.0.5 | 5.00 | 71.00 | 76.00 | NOTE |
Version: 1.0.5
Check: package dependencies
Result: NOTE
Package suggested but not available for checking: 'doMC'
Flavors: r-release-windows-x86_64, r-oldrel-windows-x86_64