Last updated on 2025-02-16 09:50:35 CET.
Flavor | Version | Tinstall | Tcheck | Ttotal | Status | Flags |
---|---|---|---|---|---|---|
r-devel-linux-x86_64-debian-clang | 1.0.3 | 60.66 | 34.03 | 94.69 | OK | |
r-devel-linux-x86_64-debian-gcc | 1.0.3 | 46.20 | 25.27 | 71.47 | OK | |
r-devel-linux-x86_64-fedora-clang | 1.0.3 | 135.45 | OK | |||
r-devel-linux-x86_64-fedora-gcc | 1.0.3 | 165.98 | OK | |||
r-devel-macos-arm64 | 1.0.3 | 46.00 | OK | |||
r-devel-macos-x86_64 | 1.0.3 | 62.00 | OK | |||
r-devel-windows-x86_64 | 1.0.3 | 52.00 | 73.00 | 125.00 | OK | |
r-patched-linux-x86_64 | 1.0.3 | 58.51 | 31.84 | 90.35 | OK | |
r-release-linux-x86_64 | 1.0.3 | 62.74 | 32.18 | 94.92 | OK | |
r-release-macos-arm64 | 1.0.3 | 36.00 | OK | |||
r-release-macos-x86_64 | 1.0.3 | 51.00 | NOTE | |||
r-release-windows-x86_64 | 1.0.3 | 53.00 | 88.00 | 141.00 | OK | |
r-oldrel-macos-arm64 | 1.0.3 | 43.00 | OK | |||
r-oldrel-macos-x86_64 | 1.0.3 | 71.00 | NOTE | |||
r-oldrel-windows-x86_64 | 1.0.3 | 73.00 | 81.00 | 154.00 | OK |
Version: 1.0.3
Check: installed package size
Result: NOTE
installed size is 5.1Mb
sub-directories of 1Mb or more:
libs 4.7Mb
Flavors: r-release-macos-x86_64, r-oldrel-macos-x86_64