Last updated on 2025-02-19 09:50:43 CET.
Flavor | Version | Tinstall | Tcheck | Ttotal | Status | Flags |
---|---|---|---|---|---|---|
r-devel-linux-x86_64-debian-clang | 1.1.3 | 21.61 | 177.16 | 198.77 | OK | |
r-devel-linux-x86_64-debian-gcc | 1.1.3 | 15.02 | 121.82 | 136.84 | OK | |
r-devel-linux-x86_64-fedora-clang | 1.1.3 | 306.50 | OK | |||
r-devel-linux-x86_64-fedora-gcc | 1.1.3 | 304.66 | OK | |||
r-devel-macos-arm64 | 1.1.3 | 84.00 | OK | |||
r-devel-macos-x86_64 | 1.1.3 | 173.00 | OK | |||
r-devel-windows-x86_64 | 1.1.3 | 20.00 | 152.00 | 172.00 | OK | |
r-patched-linux-x86_64 | 1.1.3 | 20.01 | 160.37 | 180.38 | OK | |
r-release-linux-x86_64 | 1.1.3 | 18.07 | 159.06 | 177.13 | OK | |
r-release-macos-arm64 | 1.1.3 | 84.00 | OK | |||
r-release-macos-x86_64 | 1.1.3 | 126.00 | OK | |||
r-release-windows-x86_64 | 1.1.3 | 2.00 | 5.00 | 7.00 | ERROR | |
r-oldrel-macos-arm64 | 1.1.3 | 84.00 | OK | |||
r-oldrel-macos-x86_64 | 1.1.3 | 147.00 | OK | |||
r-oldrel-windows-x86_64 | 1.1.3 | 28.00 | 192.00 | 220.00 | OK |
Version: 1.1.3
Check: whether package can be installed
Result: ERROR
Installation failed.
Flavor: r-release-windows-x86_64