Last updated on 2025-02-16 09:50:35 CET.
Flavor | Version | Tinstall | Tcheck | Ttotal | Status | Flags |
---|---|---|---|---|---|---|
r-devel-linux-x86_64-debian-clang | 0.4.5 | 8.42 | 71.56 | 79.98 | NOTE | |
r-devel-linux-x86_64-debian-gcc | 0.4.5 | 6.13 | 50.31 | 56.44 | NOTE | |
r-devel-linux-x86_64-fedora-clang | 0.4.5 | 128.33 | NOTE | |||
r-devel-linux-x86_64-fedora-gcc | 0.4.5 | 117.71 | NOTE | |||
r-devel-macos-arm64 | 0.4.5 | 46.00 | NOTE | |||
r-devel-macos-x86_64 | 0.4.5 | 75.00 | NOTE | |||
r-devel-windows-x86_64 | 0.4.5 | 10.00 | 84.00 | 94.00 | NOTE | |
r-patched-linux-x86_64 | 0.4.5 | 9.00 | 67.41 | 76.41 | NOTE | |
r-release-linux-x86_64 | 0.4.5 | 7.69 | 67.40 | 75.09 | NOTE | |
r-release-macos-arm64 | 0.4.5 | 38.00 | NOTE | |||
r-release-macos-x86_64 | 0.4.5 | 64.00 | NOTE | |||
r-release-windows-x86_64 | 0.4.5 | 9.00 | 84.00 | 93.00 | NOTE | |
r-oldrel-macos-arm64 | 0.4.5 | 44.00 | OK | |||
r-oldrel-macos-x86_64 | 0.4.5 | 67.00 | OK | |||
r-oldrel-windows-x86_64 | 0.4.5 | 11.00 | 93.00 | 104.00 | OK |
Version: 0.4.5
Check: Rd files
Result: NOTE
checkRd: (-1) ROC.Rd:55: Lost braces in \enumerate; \value handles \item{}{} directly
checkRd: (-1) ROC.Rd:56: Lost braces in \enumerate; \value handles \item{}{} directly
checkRd: (-1) ROC.Rd:57: Lost braces in \enumerate; \value handles \item{}{} directly
checkRd: (-1) ROC.Rd:58: Lost braces in \enumerate; \value handles \item{}{} directly
Flavors: r-devel-linux-x86_64-debian-clang, r-devel-linux-x86_64-debian-gcc, r-devel-linux-x86_64-fedora-clang, r-devel-linux-x86_64-fedora-gcc, r-devel-macos-arm64, r-devel-macos-x86_64, r-devel-windows-x86_64, r-patched-linux-x86_64, r-release-linux-x86_64, r-release-macos-arm64, r-release-macos-x86_64, r-release-windows-x86_64
Version: 0.4.5
Check: Rd cross-references
Result: NOTE
Found the following Rd file(s) with Rd \link{} targets missing package
anchors:
auxBiom.Rd: glmnet
biom.options.Rd: glmnet
Please provide package anchors for all Rd \link{} targets not in the
package itself and the base packages.
Flavors: r-devel-linux-x86_64-debian-clang, r-devel-linux-x86_64-debian-gcc, r-devel-windows-x86_64