CRAN Package Check Results for Package Binarize

Last updated on 2025-02-16 09:50:34 CET.

Flavor Version Tinstall Tcheck Ttotal Status Flags
r-devel-linux-x86_64-debian-clang 1.3.1 6.69 36.91 43.60 NOTE
r-devel-linux-x86_64-debian-gcc 1.3.1 5.43 28.37 33.80 NOTE
r-devel-linux-x86_64-fedora-clang 1.3.1 73.91 NOTE
r-devel-linux-x86_64-fedora-gcc 1.3.1 82.79 NOTE
r-devel-macos-arm64 1.3.1 34.00 NOTE
r-devel-macos-x86_64 1.3.1 91.00 NOTE
r-devel-windows-x86_64 1.3.1 11.00 82.00 93.00 NOTE
r-patched-linux-x86_64 1.3.1 7.75 35.31 43.06 OK
r-release-linux-x86_64 1.3.1 7.11 35.41 42.52 OK
r-release-macos-arm64 1.3.1 37.00 OK
r-release-macos-x86_64 1.3.1 46.00 OK
r-release-windows-x86_64 1.3.1 11.00 76.00 87.00 OK
r-oldrel-macos-arm64 1.3.1 35.00 OK
r-oldrel-macos-x86_64 1.3.1 56.00 OK
r-oldrel-windows-x86_64 1.3.1 12.00 81.00 93.00 OK

Check Details

Version: 1.3.1
Check: compiled code
Result: NOTE File ‘Binarize/libs/Binarize.so’: Found non-API call to R: ‘SET_TYPEOF’ Compiled code should not call non-API entry points in R. See ‘Writing portable packages’ in the ‘Writing R Extensions’ manual, and section ‘Moving into C API compliance’ for issues with the use of non-API entry points. Flavors: r-devel-linux-x86_64-debian-clang, r-devel-linux-x86_64-debian-gcc, r-devel-linux-x86_64-fedora-clang, r-devel-linux-x86_64-fedora-gcc, r-devel-macos-arm64, r-devel-macos-x86_64

Version: 1.3.1
Check: compiled code
Result: NOTE File 'Binarize/libs/x64/Binarize.dll': Found non-API call to R: 'SET_TYPEOF' Compiled code should not call non-API entry points in R. See 'Writing portable packages' in the 'Writing R Extensions' manual, and section 'Moving into C API compliance' for issues with the use of non-API entry points. Flavor: r-devel-windows-x86_64