Last updated on 2025-02-19 09:50:43 CET.
Flavor | Version | Tinstall | Tcheck | Ttotal | Status | Flags |
---|---|---|---|---|---|---|
r-devel-linux-x86_64-debian-clang | 2.1.4 | 31.90 | 153.03 | 184.93 | OK | |
r-devel-linux-x86_64-debian-gcc | 2.1.4 | 0.43 | 1.60 | 2.03 | ERROR | |
r-devel-linux-x86_64-fedora-clang | 2.1.4 | 299.23 | NOTE | |||
r-devel-linux-x86_64-fedora-gcc | 2.1.4 | 288.08 | NOTE | |||
r-devel-macos-arm64 | 2.1.4 | 71.00 | OK | |||
r-devel-macos-x86_64 | 2.1.4 | 146.00 | OK | |||
r-devel-windows-x86_64 | 2.1.4 | 33.00 | 159.00 | 192.00 | OK | |
r-patched-linux-x86_64 | 2.1.4 | 28.34 | 142.03 | 170.37 | OK | |
r-release-linux-x86_64 | 2.1.4 | 29.43 | 139.31 | 168.74 | OK | |
r-release-macos-arm64 | 2.1.4 | 66.00 | OK | |||
r-release-macos-x86_64 | 2.1.4 | 108.00 | OK | |||
r-release-windows-x86_64 | 2.1.4 | 34.00 | 158.00 | 192.00 | OK | |
r-oldrel-macos-arm64 | 2.1.4 | 70.00 | OK | |||
r-oldrel-macos-x86_64 | 2.1.4 | 205.00 | OK | |||
r-oldrel-windows-x86_64 | 2.1.4 | 46.00 | 205.00 | 251.00 | OK |
Version: 2.1.4
Check: package dependencies
Result: ERROR
Package required but not available: ‘Rgraphviz’
See section ‘The DESCRIPTION file’ in the ‘Writing R Extensions’
manual.
Flavor: r-devel-linux-x86_64-debian-gcc
Version: 2.1.4
Check: dependencies in R code
Result: NOTE
Namespace in Imports field not imported from: ‘RBGL’
All declared Imports should be used.
Flavors: r-devel-linux-x86_64-fedora-clang, r-devel-linux-x86_64-fedora-gcc