Last updated on 2025-02-16 09:50:34 CET.
Flavor | Version | Tinstall | Tcheck | Ttotal | Status | Flags |
---|---|---|---|---|---|---|
r-devel-linux-x86_64-debian-clang | 0.32 | 22.36 | 56.49 | 78.85 | NOTE | |
r-devel-linux-x86_64-debian-gcc | 0.32 | 17.55 | 38.36 | 55.91 | NOTE | |
r-devel-linux-x86_64-fedora-clang | 0.32 | 142.16 | OK | |||
r-devel-linux-x86_64-fedora-gcc | 0.32 | 136.97 | OK | |||
r-devel-macos-arm64 | 0.32 | 35.00 | OK | |||
r-devel-macos-x86_64 | 0.32 | 65.00 | OK | |||
r-devel-windows-x86_64 | 0.32 | 24.00 | 108.00 | 132.00 | NOTE | |
r-patched-linux-x86_64 | 0.32 | 26.24 | 53.77 | 80.01 | OK | |
r-release-linux-x86_64 | 0.32 | 26.06 | 52.93 | 78.99 | OK | |
r-release-macos-arm64 | 0.32 | 38.00 | OK | |||
r-release-macos-x86_64 | 0.32 | 54.00 | OK | |||
r-release-windows-x86_64 | 0.32 | 26.00 | 106.00 | 132.00 | OK | |
r-oldrel-macos-arm64 | 0.32 | 43.00 | OK | |||
r-oldrel-macos-x86_64 | 0.32 | 84.00 | OK | |||
r-oldrel-windows-x86_64 | 0.32 | 27.00 | 113.00 | 140.00 | OK |
Version: 0.32
Check: Rd cross-references
Result: NOTE
Found the following Rd file(s) with Rd \link{} targets missing package
anchors:
sfa.Rd: ucminf
Please provide package anchors for all Rd \link{} targets not in the
package itself and the base packages.
Flavors: r-devel-linux-x86_64-debian-clang, r-devel-linux-x86_64-debian-gcc, r-devel-windows-x86_64