Last updated on 2025-02-16 09:50:34 CET.
Flavor | Version | Tinstall | Tcheck | Ttotal | Status | Flags |
---|---|---|---|---|---|---|
r-devel-linux-x86_64-debian-clang | 3.0-5 | 659.61 | 31.68 | 691.29 | OK | |
r-devel-linux-x86_64-debian-gcc | 3.0-5 | 610.80 | 25.32 | 636.12 | OK | |
r-devel-linux-x86_64-fedora-clang | 3.0-5 | 1424.62 | OK | |||
r-devel-linux-x86_64-fedora-gcc | 3.0-5 | 1784.80 | OK | |||
r-devel-macos-arm64 | 3.0-5 | 383.00 | OK | |||
r-devel-macos-x86_64 | 3.0-5 | 304.00 | OK | |||
r-devel-windows-x86_64 | 3.0-5 | 985.00 | 64.00 | 1049.00 | OK | |
r-patched-linux-x86_64 | 3.0-5 | 843.03 | 27.42 | 870.45 | NOTE | |
r-release-linux-x86_64 | 3.0-5 | 834.58 | 27.65 | 862.23 | NOTE | |
r-release-macos-arm64 | 3.0-5 | 358.00 | NOTE | |||
r-release-macos-x86_64 | 3.0-5 | 267.00 | NOTE | |||
r-release-windows-x86_64 | 3.0-5 | 1042.00 | 64.00 | 1106.00 | NOTE | |
r-oldrel-macos-arm64 | 3.0-5 | 395.00 | NOTE | |||
r-oldrel-macos-x86_64 | 3.0-5 | 361.00 | NOTE | |||
r-oldrel-windows-x86_64 | 3.0-5 | 1080.00 | 70.00 | 1150.00 | NOTE |
Version: 3.0-5
Check: for GNU extensions in Makefiles
Result: NOTE
GNU make is a SystemRequirements.
Flavors: r-patched-linux-x86_64, r-release-linux-x86_64, r-release-macos-arm64, r-release-macos-x86_64, r-release-windows-x86_64, r-oldrel-macos-arm64, r-oldrel-macos-x86_64, r-oldrel-windows-x86_64
Version: 3.0-5
Check: installed package size
Result: NOTE
installed size is 10.8Mb
sub-directories of 1Mb or more:
libs 10.7Mb
Flavors: r-release-macos-arm64, r-release-macos-x86_64, r-release-windows-x86_64, r-oldrel-macos-arm64, r-oldrel-macos-x86_64, r-oldrel-windows-x86_64