Last updated on 2025-04-16 09:52:54 CEST.
Flavor | Version | Tinstall | Tcheck | Ttotal | Status | Flags |
---|---|---|---|---|---|---|
r-devel-linux-x86_64-debian-clang | 0.1.0 | 27.29 | 71.56 | 98.85 | OK | |
r-devel-linux-x86_64-debian-gcc | 0.1.0 | 18.73 | 51.18 | 69.91 | OK | |
r-devel-linux-x86_64-fedora-clang | 0.1.0 | 163.04 | NOTE | |||
r-devel-linux-x86_64-fedora-gcc | 0.1.0 | 159.28 | NOTE | |||
r-devel-windows-x86_64 | 0.1.0 | 30.00 | 107.00 | 137.00 | OK | |
r-patched-linux-x86_64 | 0.1.0 | 26.34 | 69.31 | 95.65 | OK | |
r-release-linux-x86_64 | 0.1.0 | 26.11 | 68.79 | 94.90 | OK | |
r-release-macos-arm64 | 0.1.0 | 49.00 | OK | |||
r-release-macos-x86_64 | 0.1.0 | 105.00 | OK | |||
r-release-windows-x86_64 | 0.1.0 | 30.00 | 102.00 | 132.00 | OK | |
r-oldrel-macos-arm64 | 0.1.0 | 46.00 | OK | |||
r-oldrel-macos-x86_64 | 0.1.0 | 88.00 | OK | |||
r-oldrel-windows-x86_64 | 0.1.0 | 35.00 | 131.00 | 166.00 | OK |
Version: 0.1.0
Check: dependencies in R code
Result: NOTE
Namespace in Imports field not imported from: ‘FastGP’
All declared Imports should be used.
Flavors: r-devel-linux-x86_64-fedora-clang, r-devel-linux-x86_64-fedora-gcc