CRAN Package Check Results for Package BaseSet

Last updated on 2025-04-15 09:52:14 CEST.

Flavor Version Tinstall Tcheck Ttotal Status Flags
r-devel-linux-x86_64-debian-clang 1.0.0 8.70 241.16 249.86 OK
r-devel-linux-x86_64-debian-gcc 1.0.0 6.12 164.45 170.57 OK
r-devel-linux-x86_64-fedora-clang 1.0.0 406.33 OK
r-devel-linux-x86_64-fedora-gcc 1.0.0 407.65 OK
r-devel-windows-x86_64 1.0.0 10.00 242.00 252.00 OK
r-patched-linux-x86_64 1.0.0 12.07 231.31 243.38 OK
r-release-linux-x86_64 1.0.0 8.60 230.88 239.48 OK
r-release-macos-arm64 1.0.0 106.00 OK
r-release-macos-x86_64 1.0.0 268.00 OK
r-release-windows-x86_64 1.0.0 11.00 240.00 251.00 OK
r-oldrel-macos-arm64 1.0.0 63.00 NOTE
r-oldrel-macos-x86_64 1.0.0 234.00 OK
r-oldrel-windows-x86_64 1.0.0 14.00 311.00 325.00 OK

Check Details

Version: 1.0.0
Check: package dependencies
Result: NOTE Package suggested but not available for checking: ‘reactome.db’ Flavor: r-oldrel-macos-arm64