Last updated on 2025-02-16 09:50:35 CET.
Flavor | Version | Tinstall | Tcheck | Ttotal | Status | Flags |
---|---|---|---|---|---|---|
r-devel-linux-x86_64-debian-clang | 1.0.5 | 32.47 | 131.46 | 163.93 | NOTE | |
r-devel-linux-x86_64-debian-gcc | 1.0.5 | 25.20 | 92.78 | 117.98 | NOTE | |
r-devel-linux-x86_64-fedora-clang | 1.0.5 | 294.10 | NOTE | |||
r-devel-linux-x86_64-fedora-gcc | 1.0.5 | 282.71 | NOTE | |||
r-devel-macos-arm64 | 1.0.5 | 83.00 | NOTE | |||
r-devel-macos-x86_64 | 1.0.5 | 178.00 | NOTE | |||
r-devel-windows-x86_64 | 1.0.5 | 35.00 | 142.00 | 177.00 | NOTE | |
r-patched-linux-x86_64 | 1.0.5 | 33.74 | 123.11 | 156.85 | NOTE | |
r-release-linux-x86_64 | 1.0.5 | 33.02 | 124.11 | 157.13 | NOTE | |
r-release-macos-arm64 | 1.0.5 | 87.00 | NOTE | |||
r-release-macos-x86_64 | 1.0.5 | 137.00 | NOTE | |||
r-release-windows-x86_64 | 1.0.5 | 37.00 | 145.00 | 182.00 | NOTE | |
r-oldrel-macos-arm64 | 1.0.5 | 91.00 | NOTE | |||
r-oldrel-macos-x86_64 | 1.0.5 | 141.00 | NOTE | |||
r-oldrel-windows-x86_64 | 1.0.5 | 49.00 | 171.00 | 220.00 | NOTE |
Version: 1.0.5
Check: C++ specification
Result: NOTE
Specified C++11: please drop specification unless essential
Flavors: r-devel-linux-x86_64-debian-clang, r-devel-linux-x86_64-debian-gcc, r-devel-linux-x86_64-fedora-clang, r-devel-linux-x86_64-fedora-gcc, r-devel-macos-arm64, r-devel-macos-x86_64, r-devel-windows-x86_64, r-patched-linux-x86_64, r-release-linux-x86_64, r-release-macos-arm64, r-release-macos-x86_64, r-release-windows-x86_64, r-oldrel-macos-arm64, r-oldrel-macos-x86_64, r-oldrel-windows-x86_64
Version: 1.0.5
Check: for GNU extensions in Makefiles
Result: NOTE
GNU make is a SystemRequirements.
Flavors: r-patched-linux-x86_64, r-release-linux-x86_64, r-release-macos-arm64, r-release-macos-x86_64, r-release-windows-x86_64, r-oldrel-macos-arm64, r-oldrel-macos-x86_64, r-oldrel-windows-x86_64