Last updated on 2025-02-16 09:50:34 CET.
Flavor | Version | Tinstall | Tcheck | Ttotal | Status | Flags |
---|---|---|---|---|---|---|
r-devel-linux-x86_64-debian-clang | 1.1.3 | 11.32 | 62.99 | 74.31 | NOTE | |
r-devel-linux-x86_64-debian-gcc | 1.1.3 | 7.72 | 44.51 | 52.23 | NOTE | |
r-devel-linux-x86_64-fedora-clang | 1.1.3 | 123.77 | OK | |||
r-devel-linux-x86_64-fedora-gcc | 1.1.3 | 123.49 | OK | |||
r-devel-macos-arm64 | 1.1.3 | 44.00 | OK | |||
r-devel-macos-x86_64 | 1.1.3 | 95.00 | OK | |||
r-devel-windows-x86_64 | 1.1.3 | 14.00 | 107.00 | 121.00 | OK | |
r-patched-linux-x86_64 | 1.1.3 | 11.18 | 60.35 | 71.53 | OK | |
r-release-linux-x86_64 | 1.1.3 | 10.27 | 59.69 | 69.96 | OK | |
r-release-macos-arm64 | 1.1.3 | 46.00 | OK | |||
r-release-macos-x86_64 | 1.1.3 | 106.00 | OK | |||
r-release-windows-x86_64 | 1.1.3 | 14.00 | 119.00 | 133.00 | OK | |
r-oldrel-macos-arm64 | 1.1.3 | 72.00 | OK | |||
r-oldrel-macos-x86_64 | 1.1.3 | 112.00 | OK | |||
r-oldrel-windows-x86_64 | 1.1.3 | 14.00 | 115.00 | 129.00 | OK |
Version: 1.1.3
Check: for unstated dependencies in ‘demo’
Result: NOTE
'library' or 'require' calls not declared from:
‘pROC’ ‘survival’
Flavors: r-devel-linux-x86_64-debian-clang, r-devel-linux-x86_64-debian-gcc