CRAN Package Check Results for Package AzureQstor

Last updated on 2025-02-19 09:50:42 CET.

Flavor Version Tinstall Tcheck Ttotal Status Flags
r-devel-linux-x86_64-debian-clang 1.0.1 3.59 25.12 28.71 NOTE
r-devel-linux-x86_64-debian-gcc 1.0.1 2.87 20.12 22.99 NOTE
r-devel-linux-x86_64-fedora-clang 1.0.1 45.65 NOTE
r-devel-linux-x86_64-fedora-gcc 1.0.1 58.94 NOTE
r-devel-macos-arm64 1.0.1 27.00 OK
r-devel-macos-x86_64 1.0.1 42.00 OK
r-devel-windows-x86_64 1.0.1 5.00 48.00 53.00 NOTE
r-patched-linux-x86_64 1.0.1 10.10 23.44 33.54 OK
r-release-linux-x86_64 1.0.1 3.42 23.64 27.06 OK
r-release-macos-arm64 1.0.1 24.00 OK
r-release-macos-x86_64 1.0.1 36.00 OK
r-release-windows-x86_64 1.0.1 5.00 48.00 53.00 OK
r-oldrel-macos-arm64 1.0.1 25.00 OK
r-oldrel-macos-x86_64 1.0.1 34.00 OK
r-oldrel-windows-x86_64 1.0.1 6.00 47.00 53.00 OK

Check Details

Version: 1.0.1
Check: Rd cross-references
Result: NOTE Found the following Rd file(s) with Rd \link{} targets missing package anchors: queue.Rd: storage_endpoint Please provide package anchors for all Rd \link{} targets not in the package itself and the base packages. Flavors: r-devel-linux-x86_64-debian-clang, r-devel-linux-x86_64-debian-gcc, r-devel-windows-x86_64

Version: 1.0.1
Check: dependencies in R code
Result: NOTE Namespaces in Imports field not imported from: ‘httr’ ‘openssl’ All declared Imports should be used. Flavors: r-devel-linux-x86_64-fedora-clang, r-devel-linux-x86_64-fedora-gcc