CRAN Package Check Results for Package AurieLSHGaussian

Last updated on 2025-02-16 09:50:34 CET.

Flavor Version Tinstall Tcheck Ttotal Status Flags
r-devel-linux-x86_64-debian-clang 0.2.0 5.08 39.36 44.44 OK
r-devel-linux-x86_64-debian-gcc 0.2.0 3.69 30.37 34.06 OK
r-devel-linux-x86_64-fedora-clang 0.2.0 74.56 OK
r-devel-linux-x86_64-fedora-gcc 0.2.0 66.59 OK
r-devel-macos-arm64 0.2.0 26.00 OK
r-devel-macos-x86_64 0.2.0 42.00 OK
r-devel-windows-x86_64 0.2.0 6.00 54.00 60.00 OK
r-patched-linux-x86_64 0.2.0 3.94 37.35 41.29 NOTE
r-release-linux-x86_64 0.2.0 4.19 37.43 41.62 NOTE
r-release-macos-arm64 0.2.0 24.00 NOTE
r-release-macos-x86_64 0.2.0 43.00 NOTE
r-release-windows-x86_64 0.2.0 5.00 56.00 61.00 NOTE
r-oldrel-macos-arm64 0.2.0 26.00 NOTE
r-oldrel-macos-x86_64 0.2.0 36.00 NOTE
r-oldrel-windows-x86_64 0.2.0 8.00 83.00 91.00 NOTE

Check Details

Version: 0.2.0
Check: LazyData
Result: NOTE 'LazyData' is specified without a 'data' directory Flavors: r-patched-linux-x86_64, r-release-linux-x86_64, r-release-macos-arm64, r-release-macos-x86_64, r-release-windows-x86_64, r-oldrel-macos-arm64, r-oldrel-macos-x86_64, r-oldrel-windows-x86_64