Last updated on 2025-02-16 09:50:33 CET.
Flavor | Version | Tinstall | Tcheck | Ttotal | Status | Flags |
---|---|---|---|---|---|---|
r-devel-linux-x86_64-debian-clang | 0.8.1 | 19.05 | 107.94 | 126.99 | NOTE | |
r-devel-linux-x86_64-debian-gcc | 0.8.1 | 13.05 | 70.10 | 83.15 | NOTE | |
r-devel-linux-x86_64-fedora-clang | 0.8.1 | 216.77 | NOTE | |||
r-devel-linux-x86_64-fedora-gcc | 0.8.1 | 200.07 | NOTE | |||
r-devel-macos-arm64 | 0.8.1 | 59.00 | NOTE | |||
r-devel-macos-x86_64 | 0.8.1 | 107.00 | NOTE | |||
r-devel-windows-x86_64 | 0.8.1 | 21.00 | 116.00 | 137.00 | NOTE | |
r-patched-linux-x86_64 | 0.8.1 | 20.52 | 96.70 | 117.22 | NOTE | |
r-release-linux-x86_64 | 0.8.1 | 18.63 | 98.80 | 117.43 | NOTE | |
r-release-macos-arm64 | 0.8.1 | 60.00 | NOTE | |||
r-release-macos-x86_64 | 0.8.1 | 125.00 | NOTE | |||
r-release-windows-x86_64 | 0.8.1 | 18.00 | 117.00 | 135.00 | NOTE | |
r-oldrel-macos-arm64 | 0.8.1 | 61.00 | NOTE | |||
r-oldrel-macos-x86_64 | 0.8.1 | 98.00 | NOTE | |||
r-oldrel-windows-x86_64 | 0.8.1 | 25.00 | 134.00 | 159.00 | NOTE |
Version: 0.8.1
Check: Rd files
Result: NOTE
checkRd: (-1) med.groups.Rd:20: Lost braces; missing escapes or markup?
20 | medication groups using the construction \emph{"{NAME}"}.
| ^
checkRd: (-1) med.groups.Rd:26: Lost braces; missing escapes or markup?
26 | Another example is "NotVita" defined as "(!{Vitamines})", which selects all
| ^
Flavors: r-devel-linux-x86_64-debian-clang, r-devel-linux-x86_64-debian-gcc, r-devel-linux-x86_64-fedora-clang, r-devel-linux-x86_64-fedora-gcc, r-devel-macos-arm64, r-devel-macos-x86_64, r-devel-windows-x86_64, r-patched-linux-x86_64, r-release-linux-x86_64, r-release-macos-arm64, r-release-macos-x86_64, r-release-windows-x86_64
Version: 0.8.1
Check: installed package size
Result: NOTE
installed size is 6.2Mb
sub-directories of 1Mb or more:
doc 3.7Mb
Flavors: r-release-macos-arm64, r-release-macos-x86_64, r-release-windows-x86_64, r-oldrel-macos-arm64, r-oldrel-macos-x86_64, r-oldrel-windows-x86_64