Last updated on 2025-02-16 09:50:33 CET.
Flavor | Version | Tinstall | Tcheck | Ttotal | Status | Flags |
---|---|---|---|---|---|---|
r-devel-linux-x86_64-debian-clang | 1.0-3 | 2.05 | 19.46 | 21.51 | NOTE | |
r-devel-linux-x86_64-debian-gcc | 1.0-3 | 1.54 | 16.42 | 17.96 | NOTE | |
r-devel-linux-x86_64-fedora-clang | 1.0-3 | 35.46 | OK | |||
r-devel-linux-x86_64-fedora-gcc | 1.0-3 | 32.41 | OK | |||
r-devel-macos-arm64 | 1.0-3 | 17.00 | OK | |||
r-devel-macos-x86_64 | 1.0-3 | 27.00 | OK | |||
r-devel-windows-x86_64 | 1.0-3 | 2.00 | 51.00 | 53.00 | NOTE | |
r-patched-linux-x86_64 | 1.0-3 | 3.60 | 18.87 | 22.47 | OK | |
r-release-linux-x86_64 | 1.0-3 | 1.75 | 18.91 | 20.66 | OK | |
r-release-macos-arm64 | 1.0-3 | 17.00 | OK | |||
r-release-macos-x86_64 | 1.0-3 | 28.00 | OK | |||
r-release-windows-x86_64 | 1.0-3 | 3.00 | 50.00 | 53.00 | OK | |
r-oldrel-macos-arm64 | 1.0-3 | 19.00 | OK | |||
r-oldrel-macos-x86_64 | 1.0-3 | 23.00 | OK | |||
r-oldrel-windows-x86_64 | 1.0-3 | 4.00 | 45.00 | 49.00 | OK |
Version: 1.0-3
Check: Rd cross-references
Result: NOTE
Found the following Rd file(s) with Rd \link{} targets missing package
anchors:
rRegMatch.Rd: daisy, treeClust.dist
Please provide package anchors for all Rd \link{} targets not in the
package itself and the base packages.
Flavors: r-devel-linux-x86_64-debian-clang, r-devel-linux-x86_64-debian-gcc, r-devel-windows-x86_64