Last updated on 2025-02-16 09:50:34 CET.
Flavor | Version | Tinstall | Tcheck | Ttotal | Status | Flags |
---|---|---|---|---|---|---|
r-devel-linux-x86_64-debian-clang | 0.1.2 | 65.03 | 60.53 | 125.56 | NOTE | |
r-devel-linux-x86_64-debian-gcc | 0.1.2 | 57.93 | 47.09 | 105.02 | NOTE | |
r-devel-linux-x86_64-fedora-clang | 0.1.2 | 212.59 | NOTE | |||
r-devel-linux-x86_64-fedora-gcc | 0.1.2 | 246.17 | NOTE | |||
r-devel-macos-arm64 | 0.1.2 | 54.00 | NOTE | |||
r-devel-macos-x86_64 | 0.1.2 | 119.00 | NOTE | |||
r-devel-windows-x86_64 | 0.1.2 | 65.00 | 98.00 | 163.00 | NOTE | |
r-patched-linux-x86_64 | 0.1.2 | 81.60 | 61.93 | 143.53 | NOTE | |
r-release-linux-x86_64 | 0.1.2 | 75.43 | 61.44 | 136.87 | NOTE | |
r-release-macos-arm64 | 0.1.2 | 54.00 | NOTE | |||
r-release-macos-x86_64 | 0.1.2 | 79.00 | NOTE | |||
r-release-windows-x86_64 | 0.1.2 | 64.00 | 97.00 | 161.00 | NOTE | |
r-oldrel-macos-arm64 | 0.1.2 | 57.00 | NOTE | |||
r-oldrel-macos-x86_64 | 0.1.2 | 83.00 | NOTE | |||
r-oldrel-windows-x86_64 | 0.1.2 | 83.00 | 112.00 | 195.00 | NOTE |
Version: 0.1.2
Check: C++ specification
Result: NOTE
Specified C++11: please drop specification unless essential
Flavors: r-devel-linux-x86_64-debian-clang, r-devel-linux-x86_64-debian-gcc, r-devel-linux-x86_64-fedora-clang, r-devel-linux-x86_64-fedora-gcc, r-devel-macos-arm64, r-devel-macos-x86_64, r-devel-windows-x86_64, r-patched-linux-x86_64, r-release-linux-x86_64, r-release-macos-arm64, r-release-macos-x86_64, r-release-windows-x86_64, r-oldrel-macos-arm64, r-oldrel-macos-x86_64, r-oldrel-windows-x86_64
Version: 0.1.2
Check: installed package size
Result: NOTE
installed size is 30.0Mb
sub-directories of 1Mb or more:
libs 29.7Mb
Flavors: r-release-macos-arm64, r-release-macos-x86_64, r-oldrel-macos-arm64, r-oldrel-macos-x86_64