Last updated on 2025-04-15 09:52:12 CEST.
Flavor | Version | Tinstall | Tcheck | Ttotal | Status | Flags |
---|---|---|---|---|---|---|
r-devel-linux-x86_64-debian-clang | 0.3.6 | 8.17 | 80.59 | 88.76 | OK | |
r-devel-linux-x86_64-debian-gcc | 0.3.6 | 5.76 | 57.61 | 63.37 | OK | |
r-devel-linux-x86_64-fedora-clang | 0.3.6 | 143.74 | NOTE | |||
r-devel-linux-x86_64-fedora-gcc | 0.3.6 | 156.88 | NOTE | |||
r-devel-windows-x86_64 | 0.3.6 | 9.00 | 108.00 | 117.00 | OK | |
r-patched-linux-x86_64 | 0.3.6 | 8.09 | 76.22 | 84.31 | OK | |
r-release-linux-x86_64 | 0.3.6 | 7.16 | 76.58 | 83.74 | OK | |
r-release-macos-arm64 | 0.3.6 | 48.00 | OK | |||
r-release-macos-x86_64 | 0.3.6 | 87.00 | OK | |||
r-release-windows-x86_64 | 0.3.6 | 10.00 | 115.00 | 125.00 | OK | |
r-oldrel-macos-arm64 | 0.3.6 | 51.00 | OK | |||
r-oldrel-macos-x86_64 | 0.3.6 | 94.00 | OK | |||
r-oldrel-windows-x86_64 | 0.3.6 | 14.00 | 117.00 | 131.00 | OK |
Version: 0.3.6
Check: dependencies in R code
Result: NOTE
Namespaces in Imports field not imported from:
‘mFilter’ ‘regclass’ ‘writexl’
All declared Imports should be used.
Flavors: r-devel-linux-x86_64-fedora-clang, r-devel-linux-x86_64-fedora-gcc