Last updated on 2025-02-20 09:51:07 CET.
Flavor | Version | Tinstall | Tcheck | Ttotal | Status | Flags |
---|---|---|---|---|---|---|
r-devel-linux-x86_64-debian-clang | 0.1.2 | 4.92 | 50.82 | 55.74 | OK | |
r-devel-linux-x86_64-debian-gcc | 0.1.2 | 3.19 | 36.78 | 39.97 | OK | |
r-devel-linux-x86_64-fedora-clang | 0.1.2 | 88.13 | OK | |||
r-devel-linux-x86_64-fedora-gcc | 0.1.2 | 83.05 | OK | |||
r-devel-macos-arm64 | 0.1.2 | 29.00 | OK | |||
r-devel-macos-x86_64 | 0.1.2 | 51.00 | OK | |||
r-devel-windows-x86_64 | 0.1.2 | 6.00 | 66.00 | 72.00 | OK | |
r-patched-linux-x86_64 | 0.1.2 | 4.81 | 45.39 | 50.20 | NOTE | |
r-release-linux-x86_64 | 0.1.2 | 4.56 | 46.60 | 51.16 | NOTE | |
r-release-macos-arm64 | 0.1.2 | 27.00 | NOTE | |||
r-release-macos-x86_64 | 0.1.2 | 41.00 | NOTE | |||
r-release-windows-x86_64 | 0.1.2 | 7.00 | 66.00 | 73.00 | NOTE | |
r-oldrel-macos-arm64 | 0.1.2 | 30.00 | NOTE | |||
r-oldrel-macos-x86_64 | 0.1.2 | 44.00 | NOTE | |||
r-oldrel-windows-x86_64 | 0.1.2 | 8.00 | 103.00 | 111.00 | NOTE |
Version: 0.1.2
Check: LazyData
Result: NOTE
'LazyData' is specified without a 'data' directory
Flavors: r-patched-linux-x86_64, r-release-linux-x86_64, r-release-macos-arm64, r-release-macos-x86_64, r-release-windows-x86_64, r-oldrel-macos-arm64, r-oldrel-macos-x86_64, r-oldrel-windows-x86_64