Last updated on 2025-02-19 09:51:07 CET.
Flavor | Version | Tinstall | Tcheck | Ttotal | Status | Flags |
---|---|---|---|---|---|---|
r-devel-linux-x86_64-debian-clang | 1.0.1 | 315.07 | 173.25 | 488.32 | OK | |
r-devel-linux-x86_64-debian-gcc | 1.0.1 | 296.29 | 144.19 | 440.48 | OK | |
r-devel-linux-x86_64-fedora-clang | 1.0.1 | 757.80 | OK | |||
r-devel-linux-x86_64-fedora-gcc | 1.0.1 | 989.81 | OK | |||
r-devel-macos-arm64 | 1.0.1 | 182.00 | OK | |||
r-devel-macos-x86_64 | 1.0.1 | 296.00 | OK | |||
r-devel-windows-x86_64 | 1.0.1 | 305.00 | 200.00 | 505.00 | OK | |
r-patched-linux-x86_64 | 1.0.1 | 362.69 | 193.68 | 556.37 | OK | |
r-release-linux-x86_64 | 1.0.1 | 370.12 | 194.28 | 564.40 | OK | |
r-release-macos-arm64 | 1.0.1 | 106.00 | NOTE | |||
r-release-macos-x86_64 | 1.0.1 | 133.00 | NOTE | |||
r-release-windows-x86_64 | 1.0.1 | 308.00 | 199.00 | 507.00 | OK | |
r-oldrel-macos-arm64 | 1.0.1 | 215.00 | NOTE | |||
r-oldrel-macos-x86_64 | 1.0.1 | 238.00 | NOTE | |||
r-oldrel-windows-x86_64 | 1.0.1 | 408.00 | 232.00 | 640.00 | OK |
Version: 1.0.1
Check: installed package size
Result: NOTE
installed size is 57.6Mb
sub-directories of 1Mb or more:
libs 57.2Mb
Flavors: r-release-macos-arm64, r-release-macos-x86_64, r-oldrel-macos-arm64, r-oldrel-macos-x86_64
Version: 1.0.1
Check: for GNU extensions in Makefiles
Result: NOTE
GNU make is a SystemRequirements.
Flavors: r-release-macos-arm64, r-release-macos-x86_64, r-oldrel-macos-arm64, r-oldrel-macos-x86_64