Last updated on 2025-02-19 09:51:07 CET.
Flavor | Version | Tinstall | Tcheck | Ttotal | Status | Flags |
---|---|---|---|---|---|---|
r-devel-linux-x86_64-debian-clang | 0.1.0 | 11.35 | 93.22 | 104.57 | OK | |
r-devel-linux-x86_64-debian-gcc | 0.1.0 | 8.36 | 64.90 | 73.26 | OK | |
r-devel-linux-x86_64-fedora-clang | 0.1.0 | 168.47 | NOTE | |||
r-devel-linux-x86_64-fedora-gcc | 0.1.0 | 157.23 | NOTE | |||
r-devel-macos-arm64 | 0.1.0 | 45.00 | OK | |||
r-devel-macos-x86_64 | 0.1.0 | 84.00 | OK | |||
r-devel-windows-x86_64 | 0.1.0 | 13.00 | 102.00 | 115.00 | OK | |
r-patched-linux-x86_64 | 0.1.0 | 11.65 | 87.85 | 99.50 | NOTE | |
r-release-linux-x86_64 | 0.1.0 | 11.14 | 86.63 | 97.77 | NOTE | |
r-release-macos-arm64 | 0.1.0 | 47.00 | NOTE | |||
r-release-macos-x86_64 | 0.1.0 | 68.00 | NOTE | |||
r-release-windows-x86_64 | 0.1.0 | 12.00 | 94.00 | 106.00 | NOTE | |
r-oldrel-macos-arm64 | 0.1.0 | 55.00 | NOTE | |||
r-oldrel-macos-x86_64 | 0.1.0 | 88.00 | NOTE | |||
r-oldrel-windows-x86_64 | 0.1.0 | 17.00 | 136.00 | 153.00 | NOTE |
Version: 0.1.0
Check: dependencies in R code
Result: NOTE
Namespace in Imports field not imported from: ‘nlme’
All declared Imports should be used.
Flavors: r-devel-linux-x86_64-fedora-clang, r-devel-linux-x86_64-fedora-gcc
Version: 0.1.0
Check: LazyData
Result: NOTE
'LazyData' is specified without a 'data' directory
Flavors: r-patched-linux-x86_64, r-release-linux-x86_64, r-release-macos-arm64, r-release-macos-x86_64, r-release-windows-x86_64, r-oldrel-macos-arm64, r-oldrel-macos-x86_64, r-oldrel-windows-x86_64