Last updated on 2025-02-20 09:51:07 CET.
Flavor | Version | Tinstall | Tcheck | Ttotal | Status | Flags |
---|---|---|---|---|---|---|
r-devel-linux-x86_64-debian-clang | 0.1 | 2.14 | 30.36 | 32.50 | OK | |
r-devel-linux-x86_64-debian-gcc | 0.1 | 1.73 | 20.89 | 22.62 | OK | |
r-devel-linux-x86_64-fedora-clang | 0.1 | 54.69 | OK | |||
r-devel-linux-x86_64-fedora-gcc | 0.1 | 49.25 | OK | |||
r-devel-macos-arm64 | 0.1 | 16.00 | OK | |||
r-devel-macos-x86_64 | 0.1 | 33.00 | OK | |||
r-devel-windows-x86_64 | 0.1 | 2.00 | 49.00 | 51.00 | OK | |
r-patched-linux-x86_64 | 0.1 | 2.24 | 29.08 | 31.32 | NOTE | |
r-release-linux-x86_64 | 0.1 | 2.03 | 28.40 | 30.43 | NOTE | |
r-release-macos-arm64 | 0.1 | 17.00 | NOTE | |||
r-release-macos-x86_64 | 0.1 | 25.00 | NOTE | |||
r-release-windows-x86_64 | 0.1 | 3.00 | 47.00 | 50.00 | NOTE | |
r-oldrel-macos-arm64 | 0.1 | 18.00 | NOTE | |||
r-oldrel-macos-x86_64 | 0.1 | 26.00 | NOTE | |||
r-oldrel-windows-x86_64 | 0.1 | 5.00 | 51.00 | 56.00 | NOTE |
Version: 0.1
Check: LazyData
Result: NOTE
'LazyData' is specified without a 'data' directory
Flavors: r-patched-linux-x86_64, r-release-linux-x86_64, r-release-macos-arm64, r-release-macos-x86_64, r-release-windows-x86_64, r-oldrel-macos-arm64, r-oldrel-macos-x86_64, r-oldrel-windows-x86_64