Last updated on 2025-02-20 09:51:07 CET.
Flavor | Version | Tinstall | Tcheck | Ttotal | Status | Flags |
---|---|---|---|---|---|---|
r-devel-linux-x86_64-debian-clang | 0.0.6 | 1.32 | 28.95 | 30.27 | NOTE | |
r-devel-linux-x86_64-debian-gcc | 0.0.6 | 1.65 | 22.84 | 24.49 | NOTE | |
r-devel-linux-x86_64-fedora-clang | 0.0.6 | 50.47 | NOTE | |||
r-devel-linux-x86_64-fedora-gcc | 0.0.6 | 50.58 | NOTE | |||
r-devel-macos-arm64 | 0.0.6 | 20.00 | OK | |||
r-devel-macos-x86_64 | 0.0.6 | 34.00 | NOTE | |||
r-devel-windows-x86_64 | 0.0.6 | 4.00 | 54.00 | 58.00 | NOTE | |
r-patched-linux-x86_64 | 0.0.6 | 2.04 | 27.53 | 29.57 | OK | |
r-release-linux-x86_64 | 0.0.6 | 1.88 | 27.45 | 29.33 | OK | |
r-release-macos-arm64 | 0.0.6 | 21.00 | OK | |||
r-release-macos-x86_64 | 0.0.6 | 33.00 | OK | |||
r-release-windows-x86_64 | 0.0.6 | 4.00 | 50.00 | 54.00 | OK | |
r-oldrel-macos-arm64 | 0.0.6 | 25.00 | OK | |||
r-oldrel-macos-x86_64 | 0.0.6 | 42.00 | OK | |||
r-oldrel-windows-x86_64 | 0.0.6 | 4.00 | 54.00 | 58.00 | OK |
Version: 0.0.6
Check: DESCRIPTION meta-information
Result: NOTE
Missing dependency on R >= 4.1.0 because package code uses the pipe
|> or function shorthand \(...) syntax added in R 4.1.0.
File(s) using such syntax:
‘knn_domain_score.R’ ‘mars_domain_score.R’ ‘nn_domain_score.R’
‘normalized_domain_plot.R’ ‘rf_domain_score.R’ ‘simple_domain_plot.R’
Flavors: r-devel-linux-x86_64-debian-clang, r-devel-linux-x86_64-debian-gcc, r-devel-linux-x86_64-fedora-clang, r-devel-linux-x86_64-fedora-gcc, r-devel-macos-x86_64, r-devel-windows-x86_64