Last updated on 2025-02-20 09:51:07 CET.
Flavor | Version | Tinstall | Tcheck | Ttotal | Status | Flags |
---|---|---|---|---|---|---|
r-devel-linux-x86_64-debian-clang | 1.15.0 | 82.24 | 187.87 | 270.11 | OK | |
r-devel-linux-x86_64-debian-gcc | 1.15.0 | 65.28 | 142.71 | 207.99 | OK | |
r-devel-linux-x86_64-fedora-clang | 1.15.0 | 500.67 | OK | |||
r-devel-linux-x86_64-fedora-gcc | 1.15.0 | 466.29 | OK | |||
r-devel-macos-arm64 | 1.15.0 | 125.00 | OK | |||
r-devel-macos-x86_64 | 1.15.0 | 225.00 | OK | |||
r-devel-windows-x86_64 | 1.15.0 | 93.00 | 238.00 | 331.00 | OK | |
r-patched-linux-x86_64 | 1.15.0 | 93.71 | 177.87 | 271.58 | OK | |
r-release-linux-x86_64 | 1.15.0 | 93.34 | 179.75 | 273.09 | OK | |
r-release-macos-arm64 | 1.15.0 | 126.00 | NOTE | |||
r-release-macos-x86_64 | 1.15.0 | 210.00 | NOTE | |||
r-release-windows-x86_64 | 1.15.0 | 96.00 | 242.00 | 338.00 | OK | |
r-oldrel-macos-arm64 | 1.15.0 | 147.00 | NOTE | |||
r-oldrel-macos-x86_64 | 1.15.0 | 222.00 | NOTE | |||
r-oldrel-windows-x86_64 | 1.15.0 | 118.00 | 291.00 | 409.00 | OK |
Version: 1.15.0
Check: installed package size
Result: NOTE
installed size is 6.6Mb
sub-directories of 1Mb or more:
libs 4.6Mb
Flavors: r-release-macos-arm64, r-release-macos-x86_64, r-oldrel-macos-arm64, r-oldrel-macos-x86_64