Last updated on 2025-02-17 09:49:59 CET.
Flavor | Version | Tinstall | Tcheck | Ttotal | Status | Flags |
---|---|---|---|---|---|---|
r-devel-linux-x86_64-debian-clang | 2021.1 | 6.91 | 101.28 | 108.19 | NOTE | |
r-devel-linux-x86_64-debian-gcc | 2021.1 | 6.80 | 71.53 | 78.33 | NOTE | |
r-devel-linux-x86_64-fedora-clang | 2021.1 | 189.57 | OK | |||
r-devel-linux-x86_64-fedora-gcc | 2021.1 | 182.00 | OK | |||
r-devel-macos-arm64 | 2021.1 | 62.00 | OK | |||
r-devel-macos-x86_64 | 2021.1 | 175.00 | OK | |||
r-devel-windows-x86_64 | 2021.1 | 9.00 | 130.00 | 139.00 | NOTE | |
r-patched-linux-x86_64 | 2021.1 | 11.65 | 95.61 | 107.26 | OK | |
r-release-linux-x86_64 | 2021.1 | 7.14 | 94.95 | 102.09 | OK | |
r-release-macos-arm64 | 2021.1 | 60.00 | OK | |||
r-release-macos-x86_64 | 2021.1 | 148.00 | OK | |||
r-release-windows-x86_64 | 2021.1 | 9.00 | 134.00 | 143.00 | OK | |
r-oldrel-macos-arm64 | 2021.1 | 77.00 | OK | |||
r-oldrel-macos-x86_64 | 2021.1 | 140.00 | OK | |||
r-oldrel-windows-x86_64 | 2021.1 | 12.00 | 161.00 | 173.00 | OK |
Version: 2021.1
Check: Rd cross-references
Result: NOTE
Found the following Rd file(s) with Rd \link{} targets missing package
anchors:
turboSim.Rd: foreach
turboem.Rd: foreach
Please provide package anchors for all Rd \link{} targets not in the
package itself and the base packages.
Flavors: r-devel-linux-x86_64-debian-clang, r-devel-linux-x86_64-debian-gcc, r-devel-windows-x86_64