Last updated on 2025-02-19 09:51:06 CET.
Flavor | Version | Tinstall | Tcheck | Ttotal | Status | Flags |
---|---|---|---|---|---|---|
r-devel-linux-x86_64-debian-clang | 2.1.1 | 5.51 | 55.52 | 61.03 | NOTE | |
r-devel-linux-x86_64-debian-gcc | 2.1.1 | 3.90 | 38.85 | 42.75 | NOTE | |
r-devel-linux-x86_64-fedora-clang | 2.1.1 | 100.11 | NOTE | |||
r-devel-linux-x86_64-fedora-gcc | 2.1.1 | 100.90 | NOTE | |||
r-devel-macos-arm64 | 2.1.1 | 46.00 | OK | |||
r-devel-macos-x86_64 | 2.1.1 | 66.00 | NOTE | |||
r-devel-windows-x86_64 | 2.1.1 | 9.00 | 70.00 | 79.00 | NOTE | |
r-patched-linux-x86_64 | 2.1.1 | 5.29 | 50.04 | 55.33 | OK | |
r-release-linux-x86_64 | 2.1.1 | 4.56 | 49.64 | 54.20 | OK | |
r-release-macos-arm64 | 2.1.1 | 36.00 | OK | |||
r-release-macos-x86_64 | 2.1.1 | 52.00 | OK | |||
r-release-windows-x86_64 | 2.1.1 | 7.00 | 69.00 | 76.00 | OK | |
r-oldrel-macos-arm64 | 2.1.1 | 40.00 | OK | |||
r-oldrel-macos-x86_64 | 2.1.1 | 67.00 | OK | |||
r-oldrel-windows-x86_64 | 2.1.1 | 8.00 | 100.00 | 108.00 | OK |
Version: 2.1.1
Check: DESCRIPTION meta-information
Result: NOTE
Missing dependency on R >= 4.1.0 because package code uses the pipe
|> or function shorthand \(...) syntax added in R 4.1.0.
File(s) using such syntax:
‘calc_distance.R’ ‘reason_dataleaks.R’ ‘viz_dataleaks.R’
Flavors: r-devel-linux-x86_64-debian-clang, r-devel-linux-x86_64-debian-gcc, r-devel-linux-x86_64-fedora-clang, r-devel-linux-x86_64-fedora-gcc, r-devel-macos-x86_64, r-devel-windows-x86_64