Last updated on 2025-02-19 09:51:06 CET.
Flavor | Version | Tinstall | Tcheck | Ttotal | Status | Flags |
---|---|---|---|---|---|---|
r-devel-linux-x86_64-debian-clang | 1.1.4 | 68.24 | 34.68 | 102.92 | NOTE | |
r-devel-linux-x86_64-debian-gcc | 1.1.4 | 47.60 | 26.00 | 73.60 | NOTE | |
r-devel-linux-x86_64-fedora-clang | 1.1.4 | 236.65 | NOTE | |||
r-devel-linux-x86_64-fedora-gcc | 1.1.4 | 190.10 | NOTE | |||
r-devel-macos-arm64 | 1.1.4 | 51.00 | NOTE | |||
r-devel-macos-x86_64 | 1.1.4 | 79.00 | NOTE | |||
r-devel-windows-x86_64 | 1.1.4 | 68.00 | 81.00 | 149.00 | NOTE | |
r-patched-linux-x86_64 | 1.1.4 | 65.82 | 32.34 | 98.16 | NOTE | |
r-release-linux-x86_64 | 1.1.4 | 68.86 | 34.04 | 102.90 | NOTE | |
r-release-macos-arm64 | 1.1.4 | 53.00 | NOTE | |||
r-release-macos-x86_64 | 1.1.4 | 60.00 | NOTE | |||
r-release-windows-x86_64 | 1.1.4 | 69.00 | 83.00 | 152.00 | NOTE | |
r-oldrel-macos-arm64 | 1.1.4 | 63.00 | NOTE | |||
r-oldrel-macos-x86_64 | 1.1.4 | 96.00 | NOTE | |||
r-oldrel-windows-x86_64 | 1.1.4 | 83.00 | 85.00 | 168.00 | NOTE |
Version: 1.1.4
Check: C++ specification
Result: NOTE
Specified C++11: please drop specification unless essential
Flavors: r-devel-linux-x86_64-debian-clang, r-devel-linux-x86_64-debian-gcc, r-devel-linux-x86_64-fedora-clang, r-devel-linux-x86_64-fedora-gcc, r-devel-macos-arm64, r-devel-macos-x86_64, r-devel-windows-x86_64, r-patched-linux-x86_64, r-release-linux-x86_64, r-release-macos-arm64, r-release-macos-x86_64, r-release-windows-x86_64, r-oldrel-macos-arm64, r-oldrel-macos-x86_64, r-oldrel-windows-x86_64
Version: 1.1.4
Check: installed package size
Result: NOTE
installed size is 10.3Mb
sub-directories of 1Mb or more:
libs 10.2Mb
Flavors: r-release-macos-arm64, r-release-macos-x86_64, r-oldrel-macos-arm64, r-oldrel-macos-x86_64