Last updated on 2025-02-20 09:51:06 CET.
Flavor | Version | Tinstall | Tcheck | Ttotal | Status | Flags |
---|---|---|---|---|---|---|
r-devel-linux-x86_64-debian-clang | 0.1.0 | 32.70 | 30.55 | 63.25 | OK | |
r-devel-linux-x86_64-debian-gcc | 0.1.0 | 21.25 | 24.09 | 45.34 | OK | |
r-devel-linux-x86_64-fedora-clang | 0.1.0 | 129.81 | OK | |||
r-devel-linux-x86_64-fedora-gcc | 0.1.0 | 104.90 | OK | |||
r-devel-macos-arm64 | 0.1.0 | 33.00 | OK | |||
r-devel-macos-x86_64 | 0.1.0 | 52.00 | OK | |||
r-devel-windows-x86_64 | 0.1.0 | 35.00 | 73.00 | 108.00 | OK | |
r-patched-linux-x86_64 | 0.1.0 | 28.28 | 29.76 | 58.04 | OK | |
r-release-linux-x86_64 | 0.1.0 | 30.73 | 30.42 | 61.15 | OK | |
r-release-macos-arm64 | 0.1.0 | 34.00 | NOTE | |||
r-release-macos-x86_64 | 0.1.0 | 41.00 | NOTE | |||
r-release-windows-x86_64 | 0.1.0 | 36.00 | 73.00 | 109.00 | OK | |
r-oldrel-macos-arm64 | 0.1.0 | 39.00 | NOTE | |||
r-oldrel-macos-x86_64 | 0.1.0 | 57.00 | NOTE | |||
r-oldrel-windows-x86_64 | 0.1.0 | 41.00 | 82.00 | 123.00 | OK |
Version: 0.1.0
Check: installed package size
Result: NOTE
installed size is 7.9Mb
sub-directories of 1Mb or more:
libs 7.8Mb
Flavors: r-release-macos-arm64, r-release-macos-x86_64, r-oldrel-macos-arm64, r-oldrel-macos-x86_64