CRAN Package Check Results for Package topdowntimeratio

Last updated on 2025-07-12 09:49:34 CEST.

Flavor Version Tinstall Tcheck Ttotal Status Flags
r-devel-linux-x86_64-debian-clang 0.1.0 3.95 34.59 38.54 NOTE
r-devel-linux-x86_64-debian-gcc 0.1.0 2.88 25.76 28.64 NOTE
r-devel-linux-x86_64-fedora-clang 0.1.0 57.97 NOTE
r-devel-linux-x86_64-fedora-gcc 0.1.0 53.02 NOTE
r-devel-windows-x86_64 0.1.0 4.00 50.00 54.00 NOTE
r-patched-linux-x86_64 0.1.0 3.89 30.30 34.19 NOTE
r-release-linux-x86_64 0.1.0 3.00 30.49 33.49 NOTE
r-release-macos-arm64 0.1.0 24.00 NOTE
r-release-macos-x86_64 0.1.0 31.00 NOTE
r-release-windows-x86_64 0.1.0 5.00 50.00 55.00 NOTE
r-oldrel-macos-arm64 0.1.0 21.00 NOTE
r-oldrel-macos-x86_64 0.1.0 29.00 NOTE
r-oldrel-windows-x86_64 0.1.0 6.00 58.00 64.00 NOTE

Check Details

Version: 0.1.0
Check: Rd files
Result: NOTE checkRd: (-1) getSegsExtra.Rd:14: Lost braces 14 | \item{data}{data.table returned from function /code{tdtr}} | ^ Flavors: r-devel-linux-x86_64-debian-clang, r-devel-linux-x86_64-debian-gcc, r-devel-linux-x86_64-fedora-clang, r-devel-linux-x86_64-fedora-gcc, r-devel-windows-x86_64, r-patched-linux-x86_64, r-release-linux-x86_64, r-release-macos-arm64, r-release-macos-x86_64, r-release-windows-x86_64, r-oldrel-macos-arm64, r-oldrel-macos-x86_64, r-oldrel-windows-x86_64