CRAN Package Check Results for Package tmvmixnorm

Last updated on 2025-07-12 09:49:34 CEST.

Flavor Version Tinstall Tcheck Ttotal Status Flags
r-devel-linux-x86_64-debian-clang 1.1.1 2.32 23.56 25.88 OK
r-devel-linux-x86_64-debian-gcc 1.1.1 1.71 18.15 19.86 OK
r-devel-linux-x86_64-fedora-clang 1.1.1 39.01 OK
r-devel-linux-x86_64-fedora-gcc 1.1.1 36.89 OK
r-devel-windows-x86_64 1.1.1 3.00 44.00 47.00 OK
r-patched-linux-x86_64 1.1.1 2.19 22.39 24.58 OK
r-release-linux-x86_64 1.1.1 2.10 21.73 23.83 OK
r-release-macos-arm64 1.1.1 17.00 OK
r-release-macos-x86_64 1.1.1 26.00 OK
r-release-windows-x86_64 1.1.1 4.00 46.00 50.00 OK
r-oldrel-macos-arm64 1.1.1 20.00 NOTE
r-oldrel-macos-x86_64 1.1.1 23.00 NOTE
r-oldrel-windows-x86_64 1.1.1 3.00 49.00 52.00 NOTE

Check Details

Version: 1.1.1
Check: LazyData
Result: NOTE 'LazyData' is specified without a 'data' directory Flavors: r-oldrel-macos-arm64, r-oldrel-macos-x86_64, r-oldrel-windows-x86_64