Last updated on 2025-11-27 09:49:55 CET.
| Flavor | Version | Tinstall | Tcheck | Ttotal | Status | Flags |
|---|---|---|---|---|---|---|
| r-devel-linux-x86_64-debian-clang | 0.2 | 0.24 | 2.29 | 2.53 | ERROR | |
| r-devel-linux-x86_64-debian-gcc | 0.2 | 0.23 | 1.71 | 1.94 | ERROR | |
| r-devel-linux-x86_64-fedora-clang | 0.2 | 80.00 | 414.25 | 494.25 | OK | |
| r-devel-linux-x86_64-fedora-gcc | 0.2 | 156.00 | 352.77 | 508.77 | OK | |
| r-devel-windows-x86_64 | 0.2 | 42.00 | 220.00 | 262.00 | OK | |
| r-patched-linux-x86_64 | 0.2 | 0.19 | 1.90 | 2.09 | ERROR | |
| r-release-linux-x86_64 | 0.2 | 32.15 | 268.98 | 301.13 | OK | |
| r-release-macos-arm64 | 0.2 | OK | ||||
| r-release-macos-x86_64 | 0.2 | 28.00 | 275.00 | 303.00 | OK | |
| r-release-windows-x86_64 | 0.2 | 33.00 | 242.00 | 275.00 | OK | |
| r-oldrel-macos-arm64 | 0.2 | OK | ||||
| r-oldrel-macos-x86_64 | 0.2 | 57.00 | 248.00 | 305.00 | OK | |
| r-oldrel-windows-x86_64 | 0.2 | 45.00 | 307.00 | 352.00 | OK |
Version: 0.2
Check: package dependencies
Result: ERROR
Package required but not available: ‘tmap’
See section ‘The DESCRIPTION file’ in the ‘Writing R Extensions’
manual.
Flavors: r-devel-linux-x86_64-debian-clang, r-devel-linux-x86_64-debian-gcc, r-patched-linux-x86_64