CRAN Package Check Results for Package tinter

Last updated on 2025-02-17 09:49:58 CET.

Flavor Version Tinstall Tcheck Ttotal Status Flags
r-devel-linux-x86_64-debian-clang 0.1.0 2.32 22.96 25.28 OK
r-devel-linux-x86_64-debian-gcc 0.1.0 1.91 18.59 20.50 OK
r-devel-linux-x86_64-fedora-clang 0.1.0 42.49 OK
r-devel-linux-x86_64-fedora-gcc 0.1.0 38.50 OK
r-devel-macos-arm64 0.1.0 18.00 OK
r-devel-macos-x86_64 0.1.0 26.00 OK
r-devel-windows-x86_64 0.1.0 4.00 45.00 49.00 OK
r-patched-linux-x86_64 0.1.0 2.43 21.80 24.23 NOTE
r-release-linux-x86_64 0.1.0 1.90 21.96 23.86 NOTE
r-release-macos-arm64 0.1.0 16.00 NOTE
r-release-macos-x86_64 0.1.0 24.00 NOTE
r-release-windows-x86_64 0.1.0 3.00 48.00 51.00 NOTE
r-oldrel-macos-arm64 0.1.0 19.00 NOTE
r-oldrel-macos-x86_64 0.1.0 22.00 NOTE
r-oldrel-windows-x86_64 0.1.0 4.00 52.00 56.00 NOTE

Check Details

Version: 0.1.0
Check: LazyData
Result: NOTE 'LazyData' is specified without a 'data' directory Flavors: r-patched-linux-x86_64, r-release-linux-x86_64, r-release-macos-arm64, r-release-macos-x86_64, r-release-windows-x86_64, r-oldrel-macos-arm64, r-oldrel-macos-x86_64, r-oldrel-windows-x86_64